000
CDUS41 KBGM 120535
CLIBGM


CLIMATE REPORT
NATIONAL WEATHER SERVICE BINGHAMTON NY
133 AM EDT SUN APR 12 2015


...................................

...THE BINGHAMTON NY CLIMATE SUMMARY FOR APRIL 11 2015...

CLIMATE NORMAL PERIOD 1981 TO 2010
CLIMATE RECORD PERIOD 1951 TO 2015


WEATHER ITEM   OBSERVED TIME   RECORD YEAR NORMAL DEPARTURE LAST
                VALUE   (LST)  VALUE       VALUE  FROM      YEAR
                                                  NORMAL
..................................................................
TEMPERATURE (F)
 YESTERDAY
  MAXIMUM         43    248 AM  79    1977  52     -9       57
  MINIMUM         33   1122 PM  16    1970  34     -1       40
  AVERAGE         38                        43     -5       49

PRECIPITATION (IN)
  YESTERDAY        0.01          0.71 1992   0.11  -0.10     0.30
  MONTH TO DATE    2.30                      1.29   1.01     0.89
  SINCE MAR 1      4.29                      4.28   0.01     3.57
  SINCE JAN 1      8.23                      9.04  -0.81     9.26

SNOWFALL (IN)
  YESTERDAY        0.0           2.5  1993   0.2   -0.2      0.0
  MONTH TO DATE    2.3                       2.3    0.0       T
  SINCE MAR 1     17.1                      17.4   -0.3      1.9
  SINCE JUL 1     92.9                      81.3   11.6     84.4
  SNOW DEPTH       0

DEGREE DAYS
 HEATING
  YESTERDAY       27                        22      5       16
  MONTH TO DATE  275                       263     12      254
  SINCE MAR 1   1445                      1260    185     1454
  SINCE JUL 1   6977                      6459    518     6925

 COOLING
  YESTERDAY        0                         0      0        0
  MONTH TO DATE    0                         0      0        0
  SINCE MAR 1      0                         0      0        0
  SINCE JAN 1      0                         0      0        0
..................................................................


WIND (MPH)
  HIGHEST WIND SPEED    21   HIGHEST WIND DIRECTION    NW (300)
  HIGHEST GUST SPEED    31   HIGHEST GUST DIRECTION    NW (330)
  AVERAGE WIND SPEED     9.8


SKY COVER
  AVERAGE SKY COVER 0.7


WEATHER CONDITIONS
 THE FOLLOWING WEATHER WAS RECORDED YESTERDAY.
  LIGHT RAIN


RELATIVE HUMIDITY (PERCENT)
 HIGHEST    85           400 AM
 LOWEST     59           400 PM
 AVERAGE    72

..........................................................


THE BINGHAMTON NY CLIMATE NORMALS FOR TODAY
                         NORMAL    RECORD    YEAR
 MAXIMUM TEMPERATURE (F)   53        80      1977
 MINIMUM TEMPERATURE (F)   35        14      1976


SUNRISE AND SUNSET
APRIL 12 2015.........SUNRISE   628 AM EDT   SUNSET   742 PM EDT
APRIL 13 2015.........SUNRISE   627 AM EDT   SUNSET   743 PM EDT


-  INDICATES NEGATIVE NUMBERS.
R  INDICATES RECORD WAS SET OR TIED.
MM INDICATES DATA IS MISSING.
T  INDICATES TRACE AMOUNT.




$$
