000
CDUS41 KCAR 160530
CLIBGR


CLIMATE REPORT
NATIONAL WEATHER SERVICE CARIBOU, ME
127 AM EDT THU APR 16 2015


...................................

...THE BANGOR ME CLIMATE SUMMARY FOR APRIL 15 2015...

CLIMATE NORMAL PERIOD 1981 TO 2010
CLIMATE RECORD PERIOD 1925 TO 2015


WEATHER ITEM   OBSERVED TIME   RECORD YEAR NORMAL DEPARTURE LAST
                VALUE   (LST)  VALUE       VALUE  FROM      YEAR
                                                  NORMAL
..................................................................
TEMPERATURE (F)
 YESTERDAY
  MAXIMUM         56    219 PM  74    2012  53      3       56
                                      2003
                                      2000
  MINIMUM         30    313 AM  16    1929  32     -2       41
  AVERAGE         43                        42      1       49

PRECIPITATION (IN)
  YESTERDAY        0.00          0.89 1990   0.13  -0.13     0.50
  MONTH TO DATE    1.04                      1.85  -0.81     1.35
  SINCE MAR 1      2.49                      5.23  -2.74     5.00
  SINCE JAN 1      7.38                     10.64  -3.26    10.17

SNOWFALL (IN)
  YESTERDAY        0.0           3.6  1948   0.1             0.0
  MONTH TO DATE    6.3                       2.9             0.1
  SINCE MAR 1     21.9                      14.6            15.8
  SINCE JUL 1    139.0                      65.3            79.0
  SNOW DEPTH      MM

DEGREE DAYS
 HEATING
  YESTERDAY       22                        23     -1       16
  MONTH TO DATE  427                       384     43      348
  SINCE MAR 1   1679                      1461    218     1652
  SINCE JUL 1   7569                      7107    462     7404

 COOLING
  YESTERDAY        0                         0      0        0
  MONTH TO DATE    0                         0      0        0
  SINCE MAR 1      0                         0      0        0
  SINCE JAN 1      0                         0      0        0
..................................................................


WIND (MPH)
  RESULTANT WIND SPEED   8   RESULTANT WIND DIRECTION  NW (330)
  HIGHEST WIND SPEED    26   HIGHEST WIND DIRECTION    NW (330)
  HIGHEST GUST SPEED    32   HIGHEST GUST DIRECTION     N (360)


SKY COVER
  POSSIBLE SUNSHINE  MM
  AVERAGE SKY COVER 0.1


WEATHER CONDITIONS
 THE FOLLOWING WEATHER WAS RECORDED YESTERDAY.
  NO SIGNIFICANT WEATHER WAS OBSERVED.


RELATIVE HUMIDITY (PERCENT)
 HIGHEST    78
 LOWEST     20
 AVERAGE    49

..........................................................


THE BANGOR ME CLIMATE NORMALS FOR TODAY
                         NORMAL    RECORD    YEAR
 MAXIMUM TEMPERATURE (F)   53        77      1976
                                             1973
 MINIMUM TEMPERATURE (F)   33        17      1943
                                             1926


SUNRISE AND SUNSET
APRIL 16 2015.........SUNRISE   550 AM EDT   SUNSET   721 PM EDT
APRIL 17 2015.........SUNRISE   548 AM EDT   SUNSET   723 PM EDT


-  INDICATES NEGATIVE NUMBERS.
R  INDICATES RECORD WAS SET OR TIED.
MM INDICATES DATA IS MISSING.
T  INDICATES TRACE AMOUNT.




$$
