000
CDUS41 KBOX 160539
CLIBOS


CLIMATE REPORT
NATIONAL WEATHER SERVICE TAUNTON MA
135 AM EDT THU APR 16 2015


...................................

...THE BOSTON MA CLIMATE SUMMARY FOR APRIL 15 2015...

CLIMATE NORMAL PERIOD 1981 TO 2010
CLIMATE RECORD PERIOD 1872 TO 2015


WEATHER ITEM   OBSERVED TIME   RECORD YEAR NORMAL DEPARTURE LAST
                VALUE   (LST)  VALUE       VALUE  FROM      YEAR
                                                  NORMAL
..................................................................
TEMPERATURE (F)
 YESTERDAY
  MAXIMUM         67    229 PM  82    1896  55     12       68
  MINIMUM         50   1159 PM  28    1943  41      9       41
  AVERAGE         59                        48     11       55

PRECIPITATION (IN)
  YESTERDAY        0.00          2.05 1903   0.12  -0.12     0.62
  MONTH TO DATE    0.90                      2.04  -1.14     1.90
  SINCE MAR 1      3.95                      6.36  -2.41     6.38
  SINCE JAN 1     10.89                     12.97  -2.08    13.75

SNOWFALL (IN)
  YESTERDAY        0.0           0.1  1916   0.1   -0.1      0.0
  MONTH TO DATE    T                         1.5   -1.5      0.0
  SINCE MAR 1      8.6                       9.3   -0.7      2.2
  SINCE JUL 1    110.6                      43.4   67.2     58.6
  SNOW DEPTH      MM

DEGREE DAYS
 HEATING
  YESTERDAY        6                        17    -11       10
  MONTH TO DATE  279                       293    -14      222
  SINCE MAR 1   1256                      1122    134     1192
  SINCE JUL 1   5571                      5164    407     5340

 COOLING
  YESTERDAY        0                         0      0        0
  MONTH TO DATE    0                         0      0        1
  SINCE MAR 1      0                         0      0        1
  SINCE JAN 1      0                         0      0        1
..................................................................


WIND (MPH)
  RESULTANT WIND SPEED  11   RESULTANT WIND DIRECTION  NW (330)
  HIGHEST WIND SPEED    25   HIGHEST WIND DIRECTION    NW (330)
  HIGHEST GUST SPEED    35   HIGHEST GUST DIRECTION    NW (320)
  AVERAGE WIND SPEED    11.7


SKY COVER
  POSSIBLE SUNSHINE  MM
  AVERAGE SKY COVER 0.2


WEATHER CONDITIONS
 THE FOLLOWING WEATHER WAS RECORDED YESTERDAY.
  NO SIGNIFICANT WEATHER WAS OBSERVED.


RELATIVE HUMIDITY (PERCENT)
 HIGHEST    39           400 AM
 LOWEST     16          1200 PM
 AVERAGE    28

..........................................................


THE BOSTON MA CLIMATE NORMALS FOR TODAY
                         NORMAL    RECORD    YEAR
 MAXIMUM TEMPERATURE (F)   56        87      2012
 MINIMUM TEMPERATURE (F)   41        28      1943
                                             1928
                                             1908


SUNRISE AND SUNSET
APRIL 16 2015.........SUNRISE   602 AM EDT   SUNSET   727 PM EDT
APRIL 17 2015.........SUNRISE   601 AM EDT   SUNSET   728 PM EDT


-  INDICATES NEGATIVE NUMBERS.
R  INDICATES RECORD WAS SET OR TIED.
MM INDICATES DATA IS MISSING.
T  INDICATES TRACE AMOUNT.




$$
