000
CDUS41 KBOX 232151
CLIBOS


CLIMATE REPORT
NATIONAL WEATHER SERVICE TAUNTON MA
551 PM EDT THU APR 23 2015


...................................

...THE BOSTON MA CLIMATE SUMMARY FOR APRIL 23 2015...
VALID AS OF 0500 PM LOCAL TIME.

CLIMATE NORMAL PERIOD 1981 TO 2010
CLIMATE RECORD PERIOD 1872 TO 2015


WEATHER ITEM   OBSERVED TIME   RECORD YEAR NORMAL DEPARTURE LAST
                VALUE   (LST)  VALUE       VALUE  FROM      YEAR
                                                  NORMAL
..................................................................
TEMPERATURE (F)
 TODAY
  MAXIMUM         51    151 PM  86    2007  58     -7       57
  MINIMUM         42    554 AM  29    1933  43     -1       46
  AVERAGE         47                        51     -4       52

PRECIPITATION (IN)
  TODAY            0.00          1.48 2012   0.11  -0.11     0.23
  MONTH TO DATE    2.11                      2.95  -0.84     2.54
  SINCE MAR 1      5.16                      7.27  -2.11     7.02
  SINCE JAN 1     12.10                     13.88  -1.78    14.39

SNOWFALL (IN)
  TODAY            0.0           0.1  1956   0.0    0.0      0.0
  MONTH TO DATE    T                         1.8   -1.8      0.3
  SINCE MAR 1      8.6                       9.6   -1.0      2.5
  SINCE JUL 1    110.6                      43.7   66.9     58.9
  SNOW DEPTH      MM

DEGREE DAYS
 HEATING
  TODAY           18                        14      4       13
  MONTH TO DATE  390                       417    -27      372
  SINCE MAR 1   1367                      1246    121     1342
  SINCE JUL 1   5682                      5288    394     5490

 COOLING
  TODAY            0                         0      0        0
  MONTH TO DATE    0                         0      0        1
  SINCE MAR 1      0                         0      0        1
  SINCE JAN 1      0                         0      0        1
..................................................................


WIND (MPH)
  HIGHEST WIND SPEED    25   HIGHEST WIND DIRECTION     W (270)
  HIGHEST GUST SPEED    33   HIGHEST GUST DIRECTION     W (260)
  AVERAGE WIND SPEED    15.7


SKY COVER
  POSSIBLE SUNSHINE  MM
  AVERAGE SKY COVER 0.5


WEATHER CONDITIONS
 THE FOLLOWING WEATHER WAS RECORDED TODAY.
  NO SIGNIFICANT WEATHER WAS OBSERVED.


RELATIVE HUMIDITY (PERCENT)
 HIGHEST    71          1200 AM
 LOWEST     27           200 PM
 AVERAGE    49

..........................................................


THE BOSTON MA CLIMATE NORMALS FOR TOMORROW
                         NORMAL    RECORD    YEAR
 MAXIMUM TEMPERATURE (F)   59        84      2001
 MINIMUM TEMPERATURE (F)   43        28      1882


SUNRISE AND SUNSET
APRIL 23 2015.........SUNRISE   551 AM EDT   SUNSET   734 PM EDT
APRIL 24 2015.........SUNRISE   550 AM EDT   SUNSET   736 PM EDT


-  INDICATES NEGATIVE NUMBERS.
R  INDICATES RECORD WAS SET OR TIED.
MM INDICATES DATA IS MISSING.
T  INDICATES TRACE AMOUNT.




$$
