000
CDUS41 KBOX 010542
CLIBOS


CLIMATE REPORT
NATIONAL WEATHER SERVICE TAUNTON MA
138 AM EDT FRI MAY 1 2015


...................................

...THE BOSTON MA CLIMATE SUMMARY FOR APRIL 30 2015...

CLIMATE NORMAL PERIOD 1981 TO 2010
CLIMATE RECORD PERIOD 1872 TO 2015


WEATHER ITEM   OBSERVED TIME   RECORD YEAR NORMAL DEPARTURE LAST
                VALUE   (LST)  VALUE       VALUE  FROM      YEAR
                                                  NORMAL
..................................................................
TEMPERATURE (F)
 YESTERDAY
  MAXIMUM         55    237 PM  86    1942  61     -6       45
  MINIMUM         44   1159 PM  31    1874  45     -1       41
  AVERAGE         50                        53     -3       43

PRECIPITATION (IN)
  YESTERDAY        0.00          1.44 1921   0.12  -0.12     0.35
  MONTH TO DATE    2.28                      3.74  -1.46     3.24
  SINCE MAR 1      5.33                      8.06  -2.73     7.72
  SINCE JAN 1     12.27                     14.67  -2.40    15.09

SNOWFALL (IN)
  YESTERDAY        0.0           0.0  2009   0.0    0.0      0.0
                                      2008
                                      2007
  MONTH TO DATE    T                         1.9   -1.9      0.3
  SINCE MAR 1      8.6                       9.7   -1.1      2.5
  SINCE JUL 1    110.6                      43.8   66.8     58.9
  SNOW DEPTH       0

DEGREE DAYS
 HEATING
  YESTERDAY       15                        12      3       22
  MONTH TO DATE  502                       510     -8      501
  SINCE MAR 1   1479                      1339    140     1471
  SINCE JUL 1   5794                      5381    413     5619

 COOLING
  YESTERDAY        0                         0      0        0
  MONTH TO DATE    0                         3     -3        1
  SINCE MAR 1      0                         3     -3        1
  SINCE JAN 1      0                         3     -3        1
..................................................................


WIND (MPH)
  RESULTANT WIND SPEED   7   RESULTANT WIND DIRECTION   E (90)
  HIGHEST WIND SPEED    15   HIGHEST WIND DIRECTION     E (90)
  HIGHEST GUST SPEED    18   HIGHEST GUST DIRECTION     E (90)
  AVERAGE WIND SPEED     8.9


SKY COVER
  POSSIBLE SUNSHINE  MM
  AVERAGE SKY COVER 0.8


WEATHER CONDITIONS
 THE FOLLOWING WEATHER WAS RECORDED YESTERDAY.
  NO SIGNIFICANT WEATHER WAS OBSERVED.


RELATIVE HUMIDITY (PERCENT)
 HIGHEST    89          1000 PM
 LOWEST     55           100 PM
 AVERAGE    72

..........................................................


THE BOSTON MA CLIMATE NORMALS FOR TODAY
                         NORMAL    RECORD    YEAR
 MAXIMUM TEMPERATURE (F)   61        89      1899
 MINIMUM TEMPERATURE (F)   46        33      1880


SUNRISE AND SUNSET
MAY  1 2015...........SUNRISE   540 AM EDT   SUNSET   743 PM EDT
MAY  2 2015...........SUNRISE   538 AM EDT   SUNSET   745 PM EDT


-  INDICATES NEGATIVE NUMBERS.
R  INDICATES RECORD WAS SET OR TIED.
MM INDICATES DATA IS MISSING.
T  INDICATES TRACE AMOUNT.




$$
