000
CDUS41 KBOX 222132
CLIBOS


CLIMATE REPORT
NATIONAL WEATHER SERVICE TAUNTON MA
532 PM EDT WED APR 22 2015


...................................

...THE BOSTON MA CLIMATE SUMMARY FOR APRIL 22 2015...
VALID AS OF 0500 PM LOCAL TIME.

CLIMATE NORMAL PERIOD 1981 TO 2010
CLIMATE RECORD PERIOD 1872 TO 2015


WEATHER ITEM   OBSERVED TIME   RECORD YEAR NORMAL DEPARTURE LAST
                VALUE   (LST)  VALUE       VALUE  FROM      YEAR
                                                  NORMAL
..................................................................
TEMPERATURE (F)
 TODAY
  MAXIMUM         67   1255 PM  88    1977  58      9       73
  MINIMUM         43    448 AM  26    1875  43      0       47
  AVERAGE         55                        50      5       60

PRECIPITATION (IN)
  TODAY            0.00          1.89 1937   0.12  -0.12     0.05
  MONTH TO DATE    2.11                      2.84  -0.73     2.31
  SINCE MAR 1      5.16                      7.16  -2.00     6.79
  SINCE JAN 1     12.10                     13.77  -1.67    14.16

SNOWFALL (IN)
  TODAY            0.0           1.3  1940   0.0    0.0      0.0
  MONTH TO DATE    T                         1.8   -1.8      0.3
  SINCE MAR 1      8.6                       9.6   -1.0      2.5
  SINCE JUL 1    110.6                      43.7   66.9     58.9
  SNOW DEPTH      MM

DEGREE DAYS
 HEATING
  TODAY           10                        15     -5        5
  MONTH TO DATE  372                       403    -31      359
  SINCE MAR 1   1349                      1232    117     1329
  SINCE JUL 1   5664                      5274    390     5477

 COOLING
  TODAY            0                         0      0        0
  MONTH TO DATE    0                         0      0        1
  SINCE MAR 1      0                         0      0        1
  SINCE JAN 1      0                         0      0        1
..................................................................


WIND (MPH)
  HIGHEST WIND SPEED    35   HIGHEST WIND DIRECTION     S (190)
  HIGHEST GUST SPEED    41   HIGHEST GUST DIRECTION     S (190)
  AVERAGE WIND SPEED    11.2


SKY COVER
  POSSIBLE SUNSHINE  MM
  AVERAGE SKY COVER 0.3


WEATHER CONDITIONS
 THE FOLLOWING WEATHER WAS RECORDED TODAY.
  NO SIGNIFICANT WEATHER WAS OBSERVED.


RELATIVE HUMIDITY (PERCENT)
 HIGHEST    89           400 AM
 LOWEST     28           100 PM
 AVERAGE    59

..........................................................


THE BOSTON MA CLIMATE NORMALS FOR TOMORROW
                         NORMAL    RECORD    YEAR
 MAXIMUM TEMPERATURE (F)   58        86      2007
 MINIMUM TEMPERATURE (F)   43        29      1933


SUNRISE AND SUNSET
APRIL 22 2015.........SUNRISE   553 AM EDT   SUNSET   733 PM EDT
APRIL 23 2015.........SUNRISE   551 AM EDT   SUNSET   734 PM EDT


-  INDICATES NEGATIVE NUMBERS.
R  INDICATES RECORD WAS SET OR TIED.
MM INDICATES DATA IS MISSING.
T  INDICATES TRACE AMOUNT.




$$
