000
CDUS41 KBOX 130552
CLIBOS


CLIMATE REPORT
NATIONAL WEATHER SERVICE TAUNTON MA
141 AM EDT MON APR 13 2015


...................................

...THE BOSTON MA CLIMATE SUMMARY FOR APRIL 12 2015...

CLIMATE NORMAL PERIOD 1981 TO 2010
CLIMATE RECORD PERIOD 1872 TO 2015


WEATHER ITEM   OBSERVED TIME   RECORD YEAR NORMAL DEPARTURE LAST
                VALUE   (LST)  VALUE       VALUE  FROM      YEAR
                                                  NORMAL
..................................................................
TEMPERATURE (F)
 YESTERDAY
  MAXIMUM         68    504 PM  85    1977  54     14       69
                                      1945
  MINIMUM         39    601 AM  20    1874  40     -1       49
  AVERAGE         54                        47      7       59

PRECIPITATION (IN)
  YESTERDAY        0.00          1.44 1894   0.14  -0.14     0.04
  MONTH TO DATE    0.89                      1.65  -0.76     1.24
  SINCE MAR 1      3.94                      5.97  -2.03     5.72
  SINCE JAN 1     10.88                     12.58  -1.70    13.09

SNOWFALL (IN)
  YESTERDAY        0.0           3.6  1918   0.1   -0.1      0.0
  MONTH TO DATE    T                         1.3   -1.3      0.0
  SINCE MAR 1      8.6                       9.1   -0.5      2.2
  SINCE JUL 1    110.6                      43.2   67.4     58.6
  SNOW DEPTH      MM

DEGREE DAYS
 HEATING
  YESTERDAY       11                        18     -7        6
  MONTH TO DATE  257                       241     16      201
  SINCE MAR 1   1234                      1070    164     1171
  SINCE JUL 1   5549                      5112    437     5319

 COOLING
  YESTERDAY        0                         0      0        0
  MONTH TO DATE    0                         0      0        0
  SINCE MAR 1      0                         0      0        0
  SINCE JAN 1      0                         0      0        0
..................................................................


WIND (MPH)
  RESULTANT WIND SPEED   8   RESULTANT WIND DIRECTION   W (260)
  HIGHEST WIND SPEED    16   HIGHEST WIND DIRECTION     W (280)
  HIGHEST GUST SPEED    22   HIGHEST GUST DIRECTION     W (250)
  AVERAGE WIND SPEED     9.0


SKY COVER
  POSSIBLE SUNSHINE  MM
  AVERAGE SKY COVER 0.1


WEATHER CONDITIONS
 THE FOLLOWING WEATHER WAS RECORDED YESTERDAY.
  NO SIGNIFICANT WEATHER WAS OBSERVED.


RELATIVE HUMIDITY (PERCENT)
 HIGHEST    59           500 AM
 LOWEST     19           400 PM
 AVERAGE    39

..........................................................


THE BOSTON MA CLIMATE NORMALS FOR TODAY
                         NORMAL    RECORD    YEAR
 MAXIMUM TEMPERATURE (F)   55        86      1977
 MINIMUM TEMPERATURE (F)   40        20      1874


SUNRISE AND SUNSET
APRIL 13 2015.........SUNRISE   607 AM EDT   SUNSET   723 PM EDT
APRIL 14 2015.........SUNRISE   605 AM EDT   SUNSET   724 PM EDT


-  INDICATES NEGATIVE NUMBERS.
R  INDICATES RECORD WAS SET OR TIED.
MM INDICATES DATA IS MISSING.
T  INDICATES TRACE AMOUNT.




$$
