000
CDUS41 KBOX 012136
CLIBOS


CLIMATE REPORT
NATIONAL WEATHER SERVICE TAUNTON MA
532 PM EDT FRI MAY 1 2015


...................................

...THE BOSTON MA CLIMATE SUMMARY FOR MAY 1 2015...
VALID TODAY AS OF 0500 PM LOCAL TIME.

CLIMATE NORMAL PERIOD 1981 TO 2010
CLIMATE RECORD PERIOD 1872 TO 2015


WEATHER ITEM   OBSERVED TIME   RECORD YEAR NORMAL DEPARTURE LAST
                VALUE   (LST)  VALUE       VALUE  FROM      YEAR
                                                  NORMAL
..................................................................
TEMPERATURE (F)
 TODAY
  MAXIMUM         49   1137 AM  89    1899  61    -12       60
  MINIMUM         43   1242 AM  33    1880  46     -3       44
  AVERAGE         46                        53     -7       52

PRECIPITATION (IN)
  TODAY            0.00          1.82 1921   0.10  -0.10     0.62
  MONTH TO DATE    0.00                      0.10  -0.10     0.62
  SINCE MAR 1      5.33                      8.16  -2.83     8.34
  SINCE JAN 1     12.27                     14.77  -2.50    15.71

SNOWFALL (IN)
  TODAY            0.0           0.0  2002   0.0    0.0      0.0
                                      2001
                                      2000
  MONTH TO DATE    0.0                       0.0    0.0      0.0
  SINCE MAR 1      8.6                       9.7   -1.1      2.5
  SINCE JUL 1    110.6                      43.8   66.8     58.9
  SNOW DEPTH      MM

DEGREE DAYS
 HEATING
  TODAY           19                        12      7       13
  MONTH TO DATE   19                        12      7       13
  SINCE MAR 1   1498                      1351    147     1484
  SINCE JUL 1   5813                      5393    420     5632

 COOLING
  TODAY            0                         0      0        0
  MONTH TO DATE    0                         0      0        0
  SINCE MAR 1      0                         3     -3        1
  SINCE JAN 1      0                         3     -3        1
..................................................................


WIND (MPH)
  HIGHEST WIND SPEED    17   HIGHEST WIND DIRECTION     E (90)
  HIGHEST GUST SPEED    22   HIGHEST GUST DIRECTION     E (90)
  AVERAGE WIND SPEED     8.7


SKY COVER
  POSSIBLE SUNSHINE  MM
  AVERAGE SKY COVER 0.9


WEATHER CONDITIONS
 THE FOLLOWING WEATHER WAS RECORDED TODAY.
  NO SIGNIFICANT WEATHER WAS OBSERVED.


RELATIVE HUMIDITY (PERCENT)
 HIGHEST    83           100 AM
 LOWEST     71          1200 PM
 AVERAGE    77

..........................................................


THE BOSTON MA CLIMATE NORMALS FOR TOMORROW
                         NORMAL    RECORD    YEAR
 MAXIMUM TEMPERATURE (F)   62        91      2001
                                             1930
 MINIMUM TEMPERATURE (F)   46        33      1874


SUNRISE AND SUNSET
MAY  1 2015...........SUNRISE   540 AM EDT   SUNSET   743 PM EDT
MAY  2 2015...........SUNRISE   538 AM EDT   SUNSET   745 PM EDT


-  INDICATES NEGATIVE NUMBERS.
R  INDICATES RECORD WAS SET OR TIED.
MM INDICATES DATA IS MISSING.
T  INDICATES TRACE AMOUNT.




$$
