000
CDUS41 KBOX 120528
CLIBOS


CLIMATE REPORT
NATIONAL WEATHER SERVICE TAUNTON MA
127 AM EDT SUN APR 12 2015


...................................

...THE BOSTON MA CLIMATE SUMMARY FOR APRIL 11 2015...

CLIMATE NORMAL PERIOD 1981 TO 2010
CLIMATE RECORD PERIOD 1872 TO 2015


WEATHER ITEM   OBSERVED TIME   RECORD YEAR NORMAL DEPARTURE LAST
                VALUE   (LST)  VALUE       VALUE  FROM      YEAR
                                                  NORMAL
..................................................................
TEMPERATURE (F)
 YESTERDAY
  MAXIMUM         57    249 PM  78    1955  54      3       69
  MINIMUM         42   1159 PM  25    1909  39      3       48
  AVERAGE         50                        47      3       59

PRECIPITATION (IN)
  YESTERDAY        0.00          1.27 2003   0.14  -0.14      T
  MONTH TO DATE    0.89                      1.51  -0.62     1.20
  SINCE MAR 1      3.94                      5.83  -1.89     5.68
  SINCE JAN 1     10.88                     12.44  -1.56    13.05

SNOWFALL (IN)
  YESTERDAY        0.0           2.1  1958   0.1   -0.1      0.0
  MONTH TO DATE    T                         1.2   -1.2      0.0
  SINCE MAR 1      8.6                       9.0   -0.4      2.2
  SINCE JUL 1    110.6                      43.1   67.5     58.6
  SNOW DEPTH      MM

DEGREE DAYS
 HEATING
  YESTERDAY       15                        18     -3        6
  MONTH TO DATE  246                       223     23      195
  SINCE MAR 1   1223                      1052    171     1165
  SINCE JUL 1   5538                      5094    444     5313

 COOLING
  YESTERDAY        0                         0      0        0
  MONTH TO DATE    0                         0      0        0
  SINCE MAR 1      0                         0      0        0
  SINCE JAN 1      0                         0      0        0
..................................................................


WIND (MPH)
  RESULTANT WIND SPEED  16   RESULTANT WIND DIRECTION   W (280)
  HIGHEST WIND SPEED    30   HIGHEST WIND DIRECTION     W (270)
  HIGHEST GUST SPEED    39   HIGHEST GUST DIRECTION     W (260)
  AVERAGE WIND SPEED    16.9


SKY COVER
  POSSIBLE SUNSHINE  MM
  AVERAGE SKY COVER 0.2


WEATHER CONDITIONS
 THE FOLLOWING WEATHER WAS RECORDED YESTERDAY.
  NO SIGNIFICANT WEATHER WAS OBSERVED.


RELATIVE HUMIDITY (PERCENT)
 HIGHEST    89          1200 AM
 LOWEST     32           200 PM
 AVERAGE    61

..........................................................


THE BOSTON MA CLIMATE NORMALS FOR TODAY
                         NORMAL    RECORD    YEAR
 MAXIMUM TEMPERATURE (F)   54        85      1977
                                             1945
 MINIMUM TEMPERATURE (F)   40        20      1874


SUNRISE AND SUNSET
APRIL 12 2015.........SUNRISE   609 AM EDT   SUNSET   722 PM EDT
APRIL 13 2015.........SUNRISE   607 AM EDT   SUNSET   723 PM EDT


-  INDICATES NEGATIVE NUMBERS.
R  INDICATES RECORD WAS SET OR TIED.
MM INDICATES DATA IS MISSING.
T  INDICATES TRACE AMOUNT.




$$
