000
CDUS41 KBOX 292133
CLIBOS


CLIMATE REPORT
NATIONAL WEATHER SERVICE TAUNTON MA
532 PM EDT WED APR 29 2015


...................................

...THE BOSTON MA CLIMATE SUMMARY FOR APRIL 29 2015...
VALID TODAY AS OF 0500 PM LOCAL TIME.

CLIMATE NORMAL PERIOD 1981 TO 2010
CLIMATE RECORD PERIOD 1872 TO 2015


WEATHER ITEM   OBSERVED TIME   RECORD YEAR NORMAL DEPARTURE LAST
                VALUE   (LST)  VALUE       VALUE  FROM      YEAR
                                                  NORMAL
..................................................................
TEMPERATURE (F)
 TODAY
  MAXIMUM         54    725 AM  85    1974  61     -7       44
  MINIMUM         48    300 PM  31    1909  45      3       42
  AVERAGE         51                        53     -2       43

PRECIPITATION (IN)
  TODAY            0.00          1.52 1923   0.11  -0.11      T
  MONTH TO DATE    2.28                      3.62  -1.34     2.89
  SINCE MAR 1      5.33                      7.94  -2.61     7.37
  SINCE JAN 1     12.27                     14.55  -2.28    14.74

SNOWFALL (IN)
  TODAY            0.0           0.9  1987   0.0    0.0      0.0
  MONTH TO DATE    T                         1.9   -1.9      0.3
  SINCE MAR 1      8.6                       9.7   -1.1      2.5
  SINCE JUL 1    110.6                      43.8   66.8     58.9
  SNOW DEPTH      MM

DEGREE DAYS
 HEATING
  TODAY           14                        13      1       22
  MONTH TO DATE  487                       498    -11      479
  SINCE MAR 1   1464                      1327    137     1449
  SINCE JUL 1   5779                      5369    410     5597

 COOLING
  TODAY            0                         0      0        0
  MONTH TO DATE    0                         0      0        1
  SINCE MAR 1      0                         0      0        1
  SINCE JAN 1      0                         0      0        1
..................................................................


WIND (MPH)
  HIGHEST WIND SPEED    16   HIGHEST WIND DIRECTION     E (80)
  HIGHEST GUST SPEED    18   HIGHEST GUST DIRECTION     E (80)
  AVERAGE WIND SPEED     9.8


SKY COVER
  POSSIBLE SUNSHINE  MM
  AVERAGE SKY COVER 0.5


WEATHER CONDITIONS
 THE FOLLOWING WEATHER WAS RECORDED TODAY.
  NO SIGNIFICANT WEATHER WAS OBSERVED.


RELATIVE HUMIDITY (PERCENT)
 HIGHEST    71          1000 AM
 LOWEST     50          1200 AM
 AVERAGE    61

..........................................................


THE BOSTON MA CLIMATE NORMALS FOR TOMORROW
                         NORMAL    RECORD    YEAR
 MAXIMUM TEMPERATURE (F)   61        86      1942
 MINIMUM TEMPERATURE (F)   45        31      1874


SUNRISE AND SUNSET
APRIL 29 2015.........SUNRISE   543 AM EDT   SUNSET   741 PM EDT
APRIL 30 2015.........SUNRISE   541 AM EDT   SUNSET   742 PM EDT


-  INDICATES NEGATIVE NUMBERS.
R  INDICATES RECORD WAS SET OR TIED.
MM INDICATES DATA IS MISSING.
T  INDICATES TRACE AMOUNT.




$$
