000
CDUS41 KBOX 260545
CLIBOS


CLIMATE REPORT
NATIONAL WEATHER SERVICE TAUNTON MA
141 AM EDT SUN APR 26 2015


...................................

...THE BOSTON MA CLIMATE SUMMARY FOR APRIL 25 2015...

CLIMATE NORMAL PERIOD 1981 TO 2010
CLIMATE RECORD PERIOD 1872 TO 2015


WEATHER ITEM   OBSERVED TIME   RECORD YEAR NORMAL DEPARTURE LAST
                VALUE   (LST)  VALUE       VALUE  FROM      YEAR
                                                  NORMAL
..................................................................
TEMPERATURE (F)
 YESTERDAY
  MAXIMUM         56    415 PM  83    2009  59     -3       57
                                      1982
  MINIMUM         36    506 AM  27    1892  44     -8       43
  AVERAGE         46                        51     -5       50

PRECIPITATION (IN)
  YESTERDAY        0.00          2.10 1901   0.11  -0.11     0.00
  MONTH TO DATE    2.11                      3.17  -1.06     2.54
  SINCE MAR 1      5.16                      7.49  -2.33     7.02
  SINCE JAN 1     12.10                     14.10  -2.00    14.39

SNOWFALL (IN)
  YESTERDAY        0.0           T    2002   0.1   -0.1      0.0
                                      1955
  MONTH TO DATE    T                         1.9   -1.9      0.3
  SINCE MAR 1      8.6                       9.7   -1.1      2.5
  SINCE JUL 1    110.6                      43.8   66.8     58.9
  SNOW DEPTH      MM

DEGREE DAYS
 HEATING
  YESTERDAY       19                        14      5       15
  MONTH TO DATE  432                       445    -13      401
  SINCE MAR 1   1409                      1274    135     1371
  SINCE JUL 1   5724                      5316    408     5519

 COOLING
  YESTERDAY        0                         0      0        0
  MONTH TO DATE    0                         0      0        1
  SINCE MAR 1      0                         0      0        1
  SINCE JAN 1      0                         0      0        1
..................................................................


WIND (MPH)
  RESULTANT WIND SPEED   8   RESULTANT WIND DIRECTION  NW (310)
  HIGHEST WIND SPEED    18   HIGHEST WIND DIRECTION    NW (320)
  HIGHEST GUST SPEED    29   HIGHEST GUST DIRECTION     N (340)
  AVERAGE WIND SPEED    10.5


SKY COVER
  POSSIBLE SUNSHINE  MM
  AVERAGE SKY COVER 0.5


WEATHER CONDITIONS
 THE FOLLOWING WEATHER WAS RECORDED YESTERDAY.
  NO SIGNIFICANT WEATHER WAS OBSERVED.


RELATIVE HUMIDITY (PERCENT)
 HIGHEST    60           700 PM
 LOWEST     32          1200 PM
 AVERAGE    46

..........................................................


THE BOSTON MA CLIMATE NORMALS FOR TODAY
                         NORMAL    RECORD    YEAR
 MAXIMUM TEMPERATURE (F)   59        87      2009
 MINIMUM TEMPERATURE (F)   44        28      1919


SUNRISE AND SUNSET
APRIL 26 2015.........SUNRISE   547 AM EDT   SUNSET   738 PM EDT
APRIL 27 2015.........SUNRISE   545 AM EDT   SUNSET   739 PM EDT


-  INDICATES NEGATIVE NUMBERS.
R  INDICATES RECORD WAS SET OR TIED.
MM INDICATES DATA IS MISSING.
T  INDICATES TRACE AMOUNT.




$$
