000
CDUS41 KBOX 290618
CLIBOS


CLIMATE REPORT
NATIONAL WEATHER SERVICE TAUNTON MA
214 AM EDT WED APR 29 2015


...................................

...THE BOSTON MA CLIMATE SUMMARY FOR APRIL 28 2015...

CLIMATE NORMAL PERIOD 1981 TO 2010
CLIMATE RECORD PERIOD 1872 TO 2015


WEATHER ITEM   OBSERVED TIME   RECORD YEAR NORMAL DEPARTURE LAST
                VALUE   (LST)  VALUE       VALUE  FROM      YEAR
                                                  NORMAL
..................................................................
TEMPERATURE (F)
 YESTERDAY
  MAXIMUM         64    354 PM  93    2009  60      4       54
  MINIMUM         42    128 AM  30    1947  45     -3       42
  AVERAGE         53                        52      1       48

PRECIPITATION (IN)
  YESTERDAY        0.07          2.97 1904   0.11  -0.04      T
  MONTH TO DATE    2.28                      3.51  -1.23     2.89
  SINCE MAR 1      5.33                      7.83  -2.50     7.37
  SINCE JAN 1     12.27                     14.44  -2.17    14.74

SNOWFALL (IN)
  YESTERDAY       MM             3.2  1987   0.0   MM        0.0
  MONTH TO DATE    T                         1.9   -1.9      0.3
  SINCE MAR 1      8.6                       9.7   -1.1      2.5
  SINCE JUL 1    110.6                      43.8   66.8     58.9
  SNOW DEPTH       0

DEGREE DAYS
 HEATING
  YESTERDAY       12                        13     -1       17
  MONTH TO DATE  473                       485    -12      457
  SINCE MAR 1   1450                      1314    136     1427
  SINCE JUL 1   5765                      5356    409     5575

 COOLING
  YESTERDAY        0                         0      0        0
  MONTH TO DATE    0                         0      0        1
  SINCE MAR 1      0                         0      0        1
  SINCE JAN 1      0                         0      0        1
..................................................................


WIND (MPH)
  RESULTANT WIND SPEED   9   RESULTANT WIND DIRECTION   N (350)
  HIGHEST WIND SPEED    26   HIGHEST WIND DIRECTION    NE (40)
  HIGHEST GUST SPEED    35   HIGHEST GUST DIRECTION    NW (330)
  AVERAGE WIND SPEED    14.2


SKY COVER
  POSSIBLE SUNSHINE  MM
  AVERAGE SKY COVER 0.5


WEATHER CONDITIONS
 THE FOLLOWING WEATHER WAS RECORDED YESTERDAY.
  LIGHT RAIN
  FOG


RELATIVE HUMIDITY (PERCENT)
 HIGHEST    76           300 AM
 LOWEST     26           400 PM
 AVERAGE    51

..........................................................


THE BOSTON MA CLIMATE NORMALS FOR TODAY
                         NORMAL    RECORD    YEAR
 MAXIMUM TEMPERATURE (F)   61        85      1974
 MINIMUM TEMPERATURE (F)   45        31      1909


SUNRISE AND SUNSET
APRIL 29 2015.........SUNRISE   543 AM EDT   SUNSET   741 PM EDT
APRIL 30 2015.........SUNRISE   541 AM EDT   SUNSET   742 PM EDT


-  INDICATES NEGATIVE NUMBERS.
R  INDICATES RECORD WAS SET OR TIED.
MM INDICATES DATA IS MISSING.
T  INDICATES TRACE AMOUNT.




$$
