000
CDUS41 KBOX 170539
CLIBOS


CLIMATE REPORT
NATIONAL WEATHER SERVICE TAUNTON MA
135 AM EDT FRI APR 17 2015


...................................

...THE BOSTON MA CLIMATE SUMMARY FOR APRIL 16 2015...

CLIMATE NORMAL PERIOD 1981 TO 2010
CLIMATE RECORD PERIOD 1872 TO 2015


WEATHER ITEM   OBSERVED TIME   RECORD YEAR NORMAL DEPARTURE LAST
                VALUE   (LST)  VALUE       VALUE  FROM      YEAR
                                                  NORMAL
..................................................................
TEMPERATURE (F)
 YESTERDAY
  MAXIMUM         60    435 PM  87    2012  56      4       45
  MINIMUM         41    455 AM  28    1943  41      0       31
                                      1928
                                      1908
  AVERAGE         51                        48      3       38

PRECIPITATION (IN)
  YESTERDAY        0.00          2.50 1929   0.12  -0.12     0.36
  MONTH TO DATE    0.90                      2.16  -1.26     2.26
  SINCE MAR 1      3.95                      6.48  -2.53     6.74
  SINCE JAN 1     10.89                     13.09  -2.20    14.11

SNOWFALL (IN)
  YESTERDAY        0.0           1.0  1992   0.1   -0.1      0.3
  MONTH TO DATE    T                         1.6   -1.6      0.3
  SINCE MAR 1      8.6                       9.4   -0.8      2.5
  SINCE JUL 1    110.6                      43.5   67.1     58.9
  SNOW DEPTH      MM

DEGREE DAYS
 HEATING
  YESTERDAY       14                        17     -3       27
  MONTH TO DATE  293                       310    -17      249
  SINCE MAR 1   1270                      1139    131     1219
  SINCE JUL 1   5585                      5181    404     5367

 COOLING
  YESTERDAY        0                         0      0        0
  MONTH TO DATE    0                         0      0        1
  SINCE MAR 1      0                         0      0        1
  SINCE JAN 1      0                         0      0        1
..................................................................


WIND (MPH)
  RESULTANT WIND SPEED   6   RESULTANT WIND DIRECTION  SE (150)
  HIGHEST WIND SPEED    23   HIGHEST WIND DIRECTION    SW (210)
  HIGHEST GUST SPEED    26   HIGHEST GUST DIRECTION    SW (210)
  AVERAGE WIND SPEED    10.1


SKY COVER
  POSSIBLE SUNSHINE  MM
  AVERAGE SKY COVER 0.4


WEATHER CONDITIONS
 THE FOLLOWING WEATHER WAS RECORDED YESTERDAY.
  NO SIGNIFICANT WEATHER WAS OBSERVED.


RELATIVE HUMIDITY (PERCENT)
 HIGHEST    67           400 AM
 LOWEST     24           900 AM
 AVERAGE    46

..........................................................


THE BOSTON MA CLIMATE NORMALS FOR TODAY
                         NORMAL    RECORD    YEAR
 MAXIMUM TEMPERATURE (F)   56        93      2002
 MINIMUM TEMPERATURE (F)   41        26      1908


SUNRISE AND SUNSET
APRIL 17 2015.........SUNRISE   601 AM EDT   SUNSET   728 PM EDT
APRIL 18 2015.........SUNRISE   559 AM EDT   SUNSET   729 PM EDT


-  INDICATES NEGATIVE NUMBERS.
R  INDICATES RECORD WAS SET OR TIED.
MM INDICATES DATA IS MISSING.
T  INDICATES TRACE AMOUNT.




$$
