000
CDUS41 KBOX 110543
CLIBOS


CLIMATE REPORT
NATIONAL WEATHER SERVICE TAUNTON MA
142 AM EDT SAT APR 11 2015


...................................

...THE BOSTON MA CLIMATE SUMMARY FOR APRIL 10 2015...

CLIMATE NORMAL PERIOD 1981 TO 2010
CLIMATE RECORD PERIOD 1872 TO 2015


WEATHER ITEM   OBSERVED TIME   RECORD YEAR NORMAL DEPARTURE LAST
                VALUE   (LST)  VALUE       VALUE  FROM      YEAR
                                                  NORMAL
..................................................................
TEMPERATURE (F)
 YESTERDAY
  MAXIMUM         55    956 PM  85    1922  54      1       60
  MINIMUM         36    109 AM  26    1997  39     -3       34
                                      1985
                                      1917
  AVERAGE         46                        46      0       47

PRECIPITATION (IN)
  YESTERDAY        0.09          2.08 1983   0.14  -0.05     0.00
  MONTH TO DATE    0.89                      1.37  -0.48     1.20
  SINCE MAR 1      3.94                      5.69  -1.75     5.68
  SINCE JAN 1     10.88                     12.30  -1.42    13.05

SNOWFALL (IN)
  YESTERDAY        0.0           5.4  1996   0.1   -0.1      0.0
  MONTH TO DATE    T                         1.1   -1.1      0.0
  SINCE MAR 1      8.6                       8.9   -0.3      2.2
  SINCE JUL 1    110.6                      43.0   67.6     58.6
  SNOW DEPTH       0

DEGREE DAYS
 HEATING
  YESTERDAY       19                        19      0       18
  MONTH TO DATE  231                       205     26      189
  SINCE MAR 1   1208                      1034    174     1159
  SINCE JUL 1   5523                      5076    447     5307

 COOLING
  YESTERDAY        0                         0      0        0
  MONTH TO DATE    0                         0      0        0
  SINCE MAR 1      0                         0      0        0
  SINCE JAN 1      0                         0      0        0
..................................................................


WIND (MPH)
  RESULTANT WIND SPEED   4   RESULTANT WIND DIRECTION   S (170)
  HIGHEST WIND SPEED    20   HIGHEST WIND DIRECTION    SW (230)
  HIGHEST GUST SPEED    25   HIGHEST GUST DIRECTION    SW (220)
  AVERAGE WIND SPEED     8.1


SKY COVER
  POSSIBLE SUNSHINE  MM
  AVERAGE SKY COVER 0.9


WEATHER CONDITIONS
 THE FOLLOWING WEATHER WAS RECORDED YESTERDAY.
  LIGHT RAIN
  FOG


RELATIVE HUMIDITY (PERCENT)
 HIGHEST   100          1200 AM
 LOWEST     89          1100 PM
 AVERAGE    95

..........................................................


THE BOSTON MA CLIMATE NORMALS FOR TODAY
                         NORMAL    RECORD    YEAR
 MAXIMUM TEMPERATURE (F)   54        78      1955
 MINIMUM TEMPERATURE (F)   39        25      1909


SUNRISE AND SUNSET
APRIL 11 2015.........SUNRISE   610 AM EDT   SUNSET   721 PM EDT
APRIL 12 2015.........SUNRISE   609 AM EDT   SUNSET   722 PM EDT


-  INDICATES NEGATIVE NUMBERS.
R  INDICATES RECORD WAS SET OR TIED.
MM INDICATES DATA IS MISSING.
T  INDICATES TRACE AMOUNT.




$$
