000
CDUS41 KBOX 080547
CLIBOS


CLIMATE REPORT
NATIONAL WEATHER SERVICE TAUNTON MA
136 AM EDT WED APR 8 2015


...................................

...THE BOSTON MA CLIMATE SUMMARY FOR APRIL 7 2015...

CLIMATE NORMAL PERIOD 1981 TO 2010
CLIMATE RECORD PERIOD 1872 TO 2015


WEATHER ITEM   OBSERVED TIME   RECORD YEAR NORMAL DEPARTURE LAST
                VALUE   (LST)  VALUE       VALUE  FROM      YEAR
                                                  NORMAL
..................................................................
TEMPERATURE (F)
 YESTERDAY
  MAXIMUM         42   1113 AM  90    2010  53    -11       59
  MINIMUM         36   1159 PM  16    1982  38     -2       38
  AVERAGE         39                        45     -6       49

PRECIPITATION (IN)
  YESTERDAY        0.03          1.24 1901   0.13  -0.10     0.04
  MONTH TO DATE    0.45                      0.95  -0.50     0.53
  SINCE MAR 1      3.50                      5.27  -1.77     5.01
  SINCE JAN 1     10.44                     11.88  -1.44    12.38

SNOWFALL (IN)
  YESTERDAY        0.0           4.0  1893   0.1   -0.1      0.0
  MONTH TO DATE    0.0                       0.8   -0.8      0.0
  SINCE MAR 1      8.6                       8.6    0.0      2.2
  SINCE JUL 1    110.6                      42.7   67.9     58.6
  SNOW DEPTH      MM

DEGREE DAYS
 HEATING
  YESTERDAY       26                        20      6       16
  MONTH TO DATE  155                       147      8      145
  SINCE MAR 1   1132                       976    156     1115
  SINCE JUL 1   5447                      5018    429     5263

 COOLING
  YESTERDAY        0                         0      0        0
  MONTH TO DATE    0                         0      0        0
  SINCE MAR 1      0                         0      0        0
  SINCE JAN 1      0                         0      0        0
..................................................................


WIND (MPH)
  RESULTANT WIND SPEED   7   RESULTANT WIND DIRECTION  NE (30)
  HIGHEST WIND SPEED    15   HIGHEST WIND DIRECTION    NE (40)
  HIGHEST GUST SPEED    18   HIGHEST GUST DIRECTION    NE (30)
  AVERAGE WIND SPEED     8.1


SKY COVER
  POSSIBLE SUNSHINE  MM
  AVERAGE SKY COVER 1.0


WEATHER CONDITIONS
 THE FOLLOWING WEATHER WAS RECORDED YESTERDAY.
  LIGHT RAIN
  FOG


RELATIVE HUMIDITY (PERCENT)
 HIGHEST    92          1200 AM
 LOWEST     76          1100 AM
 AVERAGE    84

..........................................................


THE BOSTON MA CLIMATE NORMALS FOR TODAY
                         NORMAL    RECORD    YEAR
 MAXIMUM TEMPERATURE (F)   53        85      1991
 MINIMUM TEMPERATURE (F)   38        21      1888


SUNRISE AND SUNSET
APRIL  8 2015.........SUNRISE   615 AM EDT   SUNSET   718 PM EDT
APRIL  9 2015.........SUNRISE   614 AM EDT   SUNSET   719 PM EDT


-  INDICATES NEGATIVE NUMBERS.
R  INDICATES RECORD WAS SET OR TIED.
MM INDICATES DATA IS MISSING.
T  INDICATES TRACE AMOUNT.




$$
