000
CDUS41 KBOX 240554
CLIBOS


CLIMATE REPORT
NATIONAL WEATHER SERVICE TAUNTON MA
152 AM EDT TUE MAR 24 2015


...................................

...THE BOSTON MA CLIMATE SUMMARY FOR MARCH 23 2015...

CLIMATE NORMAL PERIOD 1981 TO 2010
CLIMATE RECORD PERIOD 1872 TO 2015


WEATHER ITEM   OBSERVED TIME   RECORD YEAR NORMAL DEPARTURE LAST
                VALUE   (LST)  VALUE       VALUE  FROM      YEAR
                                                  NORMAL
..................................................................
TEMPERATURE (F)
 YESTERDAY
  MAXIMUM         33    518 PM  78    1938  47    -14       44
  MINIMUM         18    638 AM   6    1934  33    -15       22
  AVERAGE         26                        40    -14       33

PRECIPITATION (IN)
  YESTERDAY        0.00          2.22 2010   0.16  -0.16     0.00
  MONTH TO DATE    1.88                      3.16  -1.28     0.82
  SINCE MAR 1      1.88                      3.16  -1.28     0.82
  SINCE JAN 1      8.82                      9.77  -0.95     8.19

SNOWFALL (IN)
  YESTERDAY        0.0           2.9  1992   0.2   -0.2      0.0
  MONTH TO DATE    8.3                       6.5    1.8      2.2
  SINCE MAR 1      8.3                       6.5    1.8      2.2
  SINCE JUL 1    110.3                      40.6   69.7     58.6
  SNOW DEPTH      MM

DEGREE DAYS
 HEATING
  YESTERDAY       39                        25     14       32
  MONTH TO DATE  763                       641    122      741
  SINCE MAR 1    763                       641    122      741
  SINCE JUL 1   5078                      4683    395     4889

 COOLING
  YESTERDAY        0                         0      0        0
  MONTH TO DATE    0                         0      0        0
  SINCE MAR 1      0                         0      0        0
  SINCE JAN 1      0                         0      0        0
..................................................................


WIND (MPH)
  RESULTANT WIND SPEED  15   RESULTANT WIND DIRECTION   W (290)
  HIGHEST WIND SPEED    24   HIGHEST WIND DIRECTION    NW (300)
  HIGHEST GUST SPEED    31   HIGHEST GUST DIRECTION    NW (300)
  AVERAGE WIND SPEED    15.2


SKY COVER
  POSSIBLE SUNSHINE  MM
  AVERAGE SKY COVER 0.1


WEATHER CONDITIONS
 THE FOLLOWING WEATHER WAS RECORDED YESTERDAY.
  NO SIGNIFICANT WEATHER WAS OBSERVED.


RELATIVE HUMIDITY (PERCENT)
 HIGHEST    49           500 AM
 LOWEST     26          1200 PM
 AVERAGE    38

..........................................................


THE BOSTON MA CLIMATE NORMALS FOR TODAY
                         NORMAL    RECORD    YEAR
 MAXIMUM TEMPERATURE (F)   48        72      1920
 MINIMUM TEMPERATURE (F)   33         6      1874


SUNRISE AND SUNSET
MARCH 24 2015.........SUNRISE   641 AM EDT   SUNSET   701 PM EDT
MARCH 25 2015.........SUNRISE   639 AM EDT   SUNSET   702 PM EDT


-  INDICATES NEGATIVE NUMBERS.
R  INDICATES RECORD WAS SET OR TIED.
MM INDICATES DATA IS MISSING.
T  INDICATES TRACE AMOUNT.




$$
