000
CXUS51 KBOX 011339
CLMBOS


CLIMATE REPORT
NATIONAL WEATHER SERVICE TAUNTON MA
923 AM EDT WED APR 1 2015

...................................

...THE BOSTON MA CLIMATE SUMMARY FOR THE MONTH OF MARCH 2015...

CLIMATE NORMAL PERIOD 1981 TO 2010
CLIMATE RECORD PERIOD 1872 TO 2015

WEATHER         OBSERVED          NORMAL  DEPART
                 VALUE   DATE(S)  VALUE   FROM
                                          NORMAL
................................................
TEMPERATURE (F)
RECORD
 HIGH              89   03/31/1998
 LOW               -8   03/06/1872
HIGHEST            57   03/11
LOWEST              9   03/06
AVG. MAXIMUM     40.9              45.4    -4.5
AVG. MINIMUM     25.5              31.1    -5.6
MEAN             33.2              38.3    -5.1
DAYS MAX >= 90      0               0.0     0.0
DAYS MAX <= 32      4               1.8     2.2
DAYS MIN <= 32     26              15.3    10.7
DAYS MIN <= 0       0               0.0     0.0

PRECIPITATION (INCHES)
RECORD
 MAXIMUM        14.87   2010
 MINIMUM            T   1915
TOTALS           3.05              4.32   -1.27
DAILY AVG.       0.10              0.14   -0.04
DAYS >= .01        15              11.6     3.4
DAYS >= .10         8               7.4     0.6
DAYS >= .50         2               2.6    -0.6
DAYS >= 1.00        0               1.2    -1.2
GREATEST
 24 HR. TOTAL    0.80   03/26 TO 03/26
                        03/14 TO 03/14

SNOWFALL (INCHES)
RECORDS
 TOTAL           38.9   1993
 SNOW DEPTH         M   MM
TOTALS            8.6               7.8     0.8
SINCE 7/1       110.6              41.9    68.7
SNOWDEPTH AVG.     MM
DAYS >= 1.0         4               2.2     1.8
GREATEST
 SNOW DEPTH        MM
 24 HR TOTAL      2.9   03/15 TO 03/15

DEGREE_DAYS
HEATING TOTAL     977               829     148
 SINCE 7/1       5292              4871     421
COOLING TOTAL       0                 0       0
 SINCE 1/1          0                 0       0
.................................................

WIND (MPH)
AVERAGE WIND SPEED              11.0
RESULTANT WIND SPEED/DIRECTION   7/281
HIGHEST WIND SPEED/DIRECTION    38/320    DATE  03/17
HIGHEST GUST SPEED/DIRECTION    52/300    DATE  03/18

SKY COVER
POSSIBLE SUNSHINE (PERCENT)   MM
AVERAGE SKY COVER           0.60
NUMBER OF DAYS FAIR            8
NUMBER OF DAYS PC             12
NUMBER OF DAYS CLOUDY         11

AVERAGE RH (PERCENT)     59

WEATHER CONDITIONS. NUMBER OF DAYS WITH
THUNDERSTORM              0     MIXED PRECIP               0
HEAVY RAIN                1     RAIN                       3
LIGHT RAIN               12     FREEZING RAIN              0
LT FREEZING RAIN          2     HAIL                       0
HEAVY SNOW                1     SNOW                       1
LIGHT SNOW               11     SLEET                      2
FOG                      14     FOG W/VIS <= 1/4 MILE      4
HAZE                      0

-  INDICATES NEGATIVE NUMBERS.
R  INDICATES RECORD WAS SET OR TIED.
MM INDICATES DATA IS MISSING.
T  INDICATES TRACE AMOUNT.

$$

SIPPRELL
