000
CDUS41 KBTV 022132
CLIBTV


CLIMATE REPORT
NATIONAL WEATHER SERVICE BURLINGTON VT
531 PM EDT SAT MAY 2 2015


...................................

...THE BURLINGTON VT CLIMATE SUMMARY FOR MAY 2 2015...
VALID TODAY AS OF 0500 PM LOCAL TIME.

CLIMATE NORMAL PERIOD 1981 TO 2010
CLIMATE RECORD PERIOD 1884 TO 2015


WEATHER ITEM   OBSERVED TIME   RECORD YEAR NORMAL DEPARTURE LAST
                VALUE   (LST)  VALUE       VALUE  FROM      YEAR
                                                  NORMAL
..................................................................
TEMPERATURE (F)
 TODAY
  MAXIMUM         75    359 PM  86    2001  63     12       62
  MINIMUM         40    520 AM  27    1966  41     -1       46
  AVERAGE         58                        52      6       54

PRECIPITATION (IN)
  TODAY            0.00          0.96 1972   0.09  -0.09      T
  MONTH TO DATE    0.00                      0.19  -0.19     0.10
  SINCE MAR 1      3.54                      5.23  -1.69     5.64
  SINCE JAN 1      5.92                      9.05  -3.13     9.92

SNOWFALL (IN)
  TODAY            0.0           T    1984   0.0    0.0      0.0
                                      1978
                                      1963
  MONTH TO DATE    0.0                       0.1   -0.1      0.0
  SINCE MAR 1      7.5                      20.5  -13.0     28.2
  SINCE JUL 1     83.4                      81.3    2.1     86.5
  SNOW DEPTH       0

DEGREE DAYS
 HEATING
  TODAY            7                        14     -7       11
  MONTH TO DATE   15                        28    -13       19
  SINCE MAR 1   1804                      1692    112     1946
  SINCE JUL 1   7321                      7102    219     7411

 COOLING
  TODAY            0                         0      0        0
  MONTH TO DATE    0                         0      0        0
  SINCE MAR 1      0                         2     -2        0
  SINCE JAN 1      0                         2     -2        0
..................................................................


WIND (MPH)
  HIGHEST WIND SPEED    13   HIGHEST WIND DIRECTION    NW (310)
  HIGHEST GUST SPEED    16   HIGHEST GUST DIRECTION    NW (330)
  AVERAGE WIND SPEED     3.5


SKY COVER
  POSSIBLE SUNSHINE  MM
  AVERAGE SKY COVER 0.2


WEATHER CONDITIONS
 THE FOLLOWING WEATHER WAS RECORDED TODAY.
  NO SIGNIFICANT WEATHER WAS OBSERVED.


RELATIVE HUMIDITY (PERCENT)
 HIGHEST    85           500 AM
 LOWEST     25           400 PM
 AVERAGE    55

..........................................................


THE BURLINGTON VT CLIMATE NORMALS FOR TOMORROW
                         NORMAL    RECORD    YEAR
 MAXIMUM TEMPERATURE (F)   63        89      2001
 MINIMUM TEMPERATURE (F)   41        24      1966


SUNRISE AND SUNSET
MAY  2 2015...........SUNRISE   542 AM EDT   SUNSET   758 PM EDT
MAY  3 2015...........SUNRISE   541 AM EDT   SUNSET   759 PM EDT


-  INDICATES NEGATIVE NUMBERS.
R  INDICATES RECORD WAS SET OR TIED.
MM INDICATES DATA IS MISSING.
T  INDICATES TRACE AMOUNT.




$$
