000
CDUS41 KBTV 240606
CLIBTV


CLIMATE REPORT
NATIONAL WEATHER SERVICE BURLINGTON VT
205 AM EDT FRI APR 24 2015


...................................

...THE BURLINGTON VT CLIMATE SUMMARY FOR APRIL 23 2015...

CLIMATE NORMAL PERIOD 1981 TO 2010
CLIMATE RECORD PERIOD 1884 TO 2015


WEATHER ITEM   OBSERVED TIME   RECORD YEAR NORMAL DEPARTURE LAST
                VALUE   (LST)  VALUE       VALUE  FROM      YEAR
                                                  NORMAL
..................................................................
TEMPERATURE (F)
 YESTERDAY
  MAXIMUM         48   1244 PM  85    1885  59    -11       50
  MINIMUM         37   1102 PM  23    1930  38     -1       42
  AVERAGE         43                        48     -5       46

PRECIPITATION (IN)
  YESTERDAY        T             1.08 2012   0.09  -0.09     0.04
  MONTH TO DATE    2.52                      2.12   0.40     2.74
  SINCE MAR 1      3.42                      4.34  -0.92     4.62
  SINCE JAN 1      5.80                      8.16  -2.36     8.90

SNOWFALL (IN)
  YESTERDAY        0.0           4.9  1993   0.1   -0.1      0.0
  MONTH TO DATE    3.1                       4.1   -1.0      2.8
  SINCE MAR 1      7.5                      19.9  -12.4     28.2
  SINCE JUL 1     83.4                      80.7    2.7     86.5
  SNOW DEPTH       0

DEGREE DAYS
 HEATING
  YESTERDAY       22                        17      5       19
  MONTH TO DATE  472                       503    -31      468
  SINCE MAR 1   1662                      1557    105     1790
  SINCE JUL 1   7179                      6967    212     7255

 COOLING
  YESTERDAY        0                         0      0        0
  MONTH TO DATE    0                         0      0        0
  SINCE MAR 1      0                         0      0        0
  SINCE JAN 1      0                         0      0        0
..................................................................


WIND (MPH)
  HIGHEST WIND SPEED    18   HIGHEST WIND DIRECTION     W (290)
  HIGHEST GUST SPEED    25   HIGHEST GUST DIRECTION    NW (310)
  AVERAGE WIND SPEED     8.6


SKY COVER
  POSSIBLE SUNSHINE  MM
  AVERAGE SKY COVER 0.8


WEATHER CONDITIONS
 THE FOLLOWING WEATHER WAS RECORDED YESTERDAY.
  LIGHT RAIN


RELATIVE HUMIDITY (PERCENT)
 HIGHEST    85          1200 AM
 LOWEST     31           200 PM
 AVERAGE    58

..........................................................


THE BURLINGTON VT CLIMATE NORMALS FOR TODAY
                         NORMAL    RECORD    YEAR
 MAXIMUM TEMPERATURE (F)   59        80      2001
 MINIMUM TEMPERATURE (F)   38        23      1930


SUNRISE AND SUNSET
APRIL 24 2015.........SUNRISE   554 AM EDT   SUNSET   748 PM EDT
APRIL 25 2015.........SUNRISE   553 AM EDT   SUNSET   749 PM EDT


-  INDICATES NEGATIVE NUMBERS.
R  INDICATES RECORD WAS SET OR TIED.
MM INDICATES DATA IS MISSING.
T  INDICATES TRACE AMOUNT.



&&

LAKE CHAMPLAIN DATA:
LEVEL...............97.62 FEET
TEMPERATURE.........37 DEGREES

MOUNT MANSFIELD DATA:
HIGH................33 DEGREES
LOW.................20 DEGREES
PRECIPITATION.......0.60 INCHES
NEW SNOW............3.2 INCHES
SNOW AT STAKE.......72 INCHES

$$
