000
CDUS41 KBTV 302122
CLIBTV


CLIMATE REPORT
NATIONAL WEATHER SERVICE BURLINGTON VT
520 PM EDT THU APR 30 2015


...................................

...THE BURLINGTON VT CLIMATE SUMMARY FOR APRIL 30 2015...
VALID TODAY AS OF 0500 PM LOCAL TIME.

CLIMATE NORMAL PERIOD 1981 TO 2010
CLIMATE RECORD PERIOD 1884 TO 2015


WEATHER ITEM   OBSERVED TIME   RECORD YEAR NORMAL DEPARTURE LAST
                VALUE   (LST)  VALUE       VALUE  FROM      YEAR
                                                  NORMAL
..................................................................
TEMPERATURE (F)
 TODAY
  MAXIMUM         65    356 PM  84    2004  62      3       48
  MINIMUM         38    447 AM  27    2012  40     -2       41
                                      1978
                                      1967
  AVERAGE         52                        51      1       45

PRECIPITATION (IN)
  TODAY            0.00          0.99 1948   0.10  -0.10     0.51
  MONTH TO DATE    2.64                      2.82  -0.18     3.66
  SINCE MAR 1      3.54                      5.04  -1.50     5.54
  SINCE JAN 1      5.92                      8.86  -2.94     9.82

SNOWFALL (IN)
  TODAY            0.0           0.2  1909   0.1   -0.1      0.0
  MONTH TO DATE    3.1                       4.6   -1.5      2.8
  SINCE MAR 1      7.5                      20.4  -12.9     28.2
  SINCE JUL 1     83.4                      81.2    2.2     86.5
  SNOW DEPTH       0

DEGREE DAYS
 HEATING
  TODAY           13                        14     -1       20
  MONTH TO DATE  599                       611    -12      605
  SINCE MAR 1   1789                      1664    125     1927
  SINCE JUL 1   7306                      7074    232     7392

 COOLING
  TODAY            0                         0      0        0
  MONTH TO DATE    0                         2     -2        0
  SINCE MAR 1      0                         2     -2        0
  SINCE JAN 1      0                         2     -2        0
..................................................................


WIND (MPH)
  HIGHEST WIND SPEED    15   HIGHEST WIND DIRECTION    NW (320)
  HIGHEST GUST SPEED    20   HIGHEST GUST DIRECTION    NW (310)
  AVERAGE WIND SPEED     4.3


SKY COVER
  POSSIBLE SUNSHINE  MM
  AVERAGE SKY COVER 0.5


WEATHER CONDITIONS
 THE FOLLOWING WEATHER WAS RECORDED TODAY.
  NO SIGNIFICANT WEATHER WAS OBSERVED.


RELATIVE HUMIDITY (PERCENT)
 HIGHEST    85           400 AM
 LOWEST     39           100 PM
 AVERAGE    62

..........................................................


THE BURLINGTON VT CLIMATE NORMALS FOR TOMORROW
                         NORMAL    RECORD    YEAR
 MAXIMUM TEMPERATURE (F)   62        86      2001
 MINIMUM TEMPERATURE (F)   41        25      1961


SUNRISE AND SUNSET
APRIL 30 2015.........SUNRISE   545 AM EDT   SUNSET   755 PM EDT
MAY  1 2015...........SUNRISE   544 AM EDT   SUNSET   757 PM EDT


-  INDICATES NEGATIVE NUMBERS.
R  INDICATES RECORD WAS SET OR TIED.
MM INDICATES DATA IS MISSING.
T  INDICATES TRACE AMOUNT.




$$
