000
CDUS41 KBTV 290527
CLIBTV


CLIMATE REPORT
NATIONAL WEATHER SERVICE BURLINGTON VT
123 AM EDT SUN MAR 29 2015


...................................

...THE BURLINGTON VT CLIMATE SUMMARY FOR MARCH 28 2015...

CLIMATE NORMAL PERIOD 1981 TO 2010
CLIMATE RECORD PERIOD 1884 TO 2015


WEATHER ITEM   OBSERVED TIME   RECORD YEAR NORMAL DEPARTURE LAST
                VALUE   (LST)  VALUE       VALUE  FROM      YEAR
                                                  NORMAL
..................................................................
TEMPERATURE (F)
 YESTERDAY
  MAXIMUM         29    317 PM  79    1945  45    -16       44
  MINIMUM         16   1136 PM  -5    1923  27    -11       32
  AVERAGE         23                        36    -13       38

PRECIPITATION (IN)
  YESTERDAY        T             1.57 1919   0.08  -0.08     0.12
  MONTH TO DATE    0.90                      1.99  -1.09     1.16
  SINCE MAR 1      0.90                      1.99  -1.09     1.16
  SINCE JAN 1      3.28                      5.81  -2.53     5.44

SNOWFALL (IN)
  YESTERDAY        T            10.5  1932   0.4   -0.4      0.5
  MONTH TO DATE    4.4                      14.9  -10.5     25.4
  SINCE MAR 1      4.4                      14.9  -10.5     25.4
  SINCE JUL 1     80.3                      75.7    4.6     83.7
  SNOW DEPTH       0

DEGREE DAYS
 HEATING
  YESTERDAY       42                        29     13       27
  MONTH TO DATE 1093                       970    123     1233
  SINCE MAR 1   1093                       970    123     1233
  SINCE JUL 1   6610                      6380    230     6698

 COOLING
  YESTERDAY        0                         0      0        0
  MONTH TO DATE    0                         0      0        0
  SINCE MAR 1      0                         0      0        0
  SINCE JAN 1      0                         0      0        0
..................................................................


WIND (MPH)
  HIGHEST WIND SPEED    23   HIGHEST WIND DIRECTION    NW (320)
  HIGHEST GUST SPEED    28   HIGHEST GUST DIRECTION    NW (330)
  AVERAGE WIND SPEED    11.7


SKY COVER
  POSSIBLE SUNSHINE  MM
  AVERAGE SKY COVER 0.6


WEATHER CONDITIONS
 THE FOLLOWING WEATHER WAS RECORDED YESTERDAY.
  LIGHT SNOW


RELATIVE HUMIDITY (PERCENT)
 HIGHEST    75          1200 AM
 LOWEST     35           400 PM
 AVERAGE    55

..........................................................


THE BURLINGTON VT CLIMATE NORMALS FOR TODAY
                         NORMAL    RECORD    YEAR
 MAXIMUM TEMPERATURE (F)   46        84      1946
 MINIMUM TEMPERATURE (F)   28        -8      1923


SUNRISE AND SUNSET
MARCH 29 2015.........SUNRISE   640 AM EDT   SUNSET   716 PM EDT
MARCH 30 2015.........SUNRISE   638 AM EDT   SUNSET   717 PM EDT


-  INDICATES NEGATIVE NUMBERS.
R  INDICATES RECORD WAS SET OR TIED.
MM INDICATES DATA IS MISSING.
T  INDICATES TRACE AMOUNT.

&&

LAKE CHAMPLAIN DATA:
LEVEL...............94.69 FEET
TEMPERATURE.........36 DEGREES

MOUNT MANSFIELD DATA:
HIGH................29 DEGREES
LOW.................9 DEGREES
PRECIPITATION.......NONE
NEW SNOW............NONE
SNOW AT STAKE.......88 INCHES

$$
