000
CDUS41 KBTV 130528
CLIBTV


CLIMATE REPORT
NATIONAL WEATHER SERVICE BURLINGTON VT
126 AM EDT MON APR 13 2015


...................................

...THE BURLINGTON VT CLIMATE SUMMARY FOR APRIL 12 2015...

CLIMATE NORMAL PERIOD 1981 TO 2010
CLIMATE RECORD PERIOD 1884 TO 2015


WEATHER ITEM   OBSERVED TIME   RECORD YEAR NORMAL DEPARTURE LAST
                VALUE   (LST)  VALUE       VALUE  FROM      YEAR
                                                  NORMAL
..................................................................
TEMPERATURE (F)
 YESTERDAY
  MAXIMUM         67    509 PM  82    1945  53     14       63
  MINIMUM         28    417 AM  16    1976  34     -6       31
                                      1975
                                      1926
  AVERAGE         48                        43      5       47

PRECIPITATION (IN)
  YESTERDAY        0.00          1.11 1934   0.10  -0.10     0.00
  MONTH TO DATE    0.92                      1.08  -0.16     0.46
  SINCE MAR 1      1.82                      3.30  -1.48     2.34
  SINCE JAN 1      4.20                      7.12  -2.92     6.62

SNOWFALL (IN)
  YESTERDAY        0.0           3.0  1929   0.2   -0.2      0.0
  MONTH TO DATE    3.1                       2.6    0.5       T
  SINCE MAR 1      7.5                      18.4  -10.9     25.4
  SINCE JUL 1     83.4                      79.2    4.2     83.7
  SNOW DEPTH       0

DEGREE DAYS
 HEATING
  YESTERDAY       17                        22     -5       18
  MONTH TO DATE  300                       294      6      274
  SINCE MAR 1   1490                      1348    142     1596
  SINCE JUL 1   7007                      6758    249     7061

 COOLING
  YESTERDAY        0                         0      0        0
  MONTH TO DATE    0                         0      0        0
  SINCE MAR 1      0                         0      0        0
  SINCE JAN 1      0                         0      0        0
..................................................................


WIND (MPH)
  HIGHEST WIND SPEED    15   HIGHEST WIND DIRECTION     S (190)
  HIGHEST GUST SPEED    19   HIGHEST GUST DIRECTION     S (180)
  AVERAGE WIND SPEED     5.4


SKY COVER
  POSSIBLE SUNSHINE  MM
  AVERAGE SKY COVER 0.1


WEATHER CONDITIONS
 THE FOLLOWING WEATHER WAS RECORDED YESTERDAY.
  NO SIGNIFICANT WEATHER WAS OBSERVED.


RELATIVE HUMIDITY (PERCENT)
 HIGHEST    78           300 AM
 LOWEST     20           400 PM
 AVERAGE    49

..........................................................


THE BURLINGTON VT CLIMATE NORMALS FOR TODAY
                         NORMAL    RECORD    YEAR
 MAXIMUM TEMPERATURE (F)   54        84      1945
 MINIMUM TEMPERATURE (F)   34        16      1914


SUNRISE AND SUNSET
APRIL 13 2015.........SUNRISE   613 AM EDT   SUNSET   734 PM EDT
APRIL 14 2015.........SUNRISE   611 AM EDT   SUNSET   736 PM EDT


-  INDICATES NEGATIVE NUMBERS.
R  INDICATES RECORD WAS SET OR TIED.
MM INDICATES DATA IS MISSING.
T  INDICATES TRACE AMOUNT.

&&

LAKE CHAMPLAIN DATA:
LEVEL...............95.90 FEET
TEMPERATURE.........36 DEGREES

MOUNT MANSFIELD DATA:
HIGH................45 DEGREES
LOW.................23 DEGREES
PRECIPITATION.......NONE
NEW SNOW............NONE
SNOW AT STAKE.......86 INCHES

$$
