000
CDUS41 KBTV 152122
CLIBTV


CLIMATE REPORT
NATIONAL WEATHER SERVICE BURLINGTON VT
521 PM EDT WED APR 15 2015


...................................

...THE BURLINGTON VT CLIMATE SUMMARY FOR APRIL 15 2015...
VALID TODAY AS OF 0500 PM LOCAL TIME.

CLIMATE NORMAL PERIOD 1981 TO 2010
CLIMATE RECORD PERIOD 1884 TO 2015


WEATHER ITEM   OBSERVED TIME   RECORD YEAR NORMAL DEPARTURE LAST
                VALUE   (LST)  VALUE       VALUE  FROM      YEAR
                                                  NORMAL
..................................................................
TEMPERATURE (F)
 TODAY
  MAXIMUM         57    359 PM  82    2003  55      2       67
  MINIMUM         31    503 AM  18    1926  35     -4       26
  AVERAGE         44                        45     -1       47

PRECIPITATION (IN)
  TODAY            0.00          1.67 2014   0.10  -0.10     1.67
  MONTH TO DATE    1.07                      1.37  -0.30     2.47
  SINCE MAR 1      1.97                      3.59  -1.62     4.35
  SINCE JAN 1      4.35                      7.41  -3.06     8.63

SNOWFALL (IN)
  TODAY            0.0           3.8  2007   0.2   -0.2      2.6
  MONTH TO DATE    3.1                       3.1    0.0      2.6
  SINCE MAR 1      7.5                      18.9  -11.4     28.0
  SINCE JUL 1     83.4                      79.7    3.7     86.3
  SNOW DEPTH       0

DEGREE DAYS
 HEATING
  TODAY           21                        20      1       18
  MONTH TO DATE  344                       356    -12      303
  SINCE MAR 1   1534                      1410    124     1625
  SINCE JUL 1   7051                      6820    231     7090

 COOLING
  TODAY            0                         0      0        0
  MONTH TO DATE    0                         0      0        0
  SINCE MAR 1      0                         0      0        0
  SINCE JAN 1      0                         0      0        0
..................................................................


WIND (MPH)
  HIGHEST WIND SPEED    22   HIGHEST WIND DIRECTION     N (10)
  HIGHEST GUST SPEED    30   HIGHEST GUST DIRECTION    NW (330)
  AVERAGE WIND SPEED     8.5


SKY COVER
  POSSIBLE SUNSHINE  MM
  AVERAGE SKY COVER 0.1


WEATHER CONDITIONS
 THE FOLLOWING WEATHER WAS RECORDED TODAY.
  NO SIGNIFICANT WEATHER WAS OBSERVED.


RELATIVE HUMIDITY (PERCENT)
 HIGHEST    75           300 AM
 LOWEST     20           400 PM
 AVERAGE    48

..........................................................


THE BURLINGTON VT CLIMATE NORMALS FOR TOMORROW
                         NORMAL    RECORD    YEAR
 MAXIMUM TEMPERATURE (F)   55        86      2002
 MINIMUM TEMPERATURE (F)   35        18      1908


SUNRISE AND SUNSET
APRIL 15 2015.........SUNRISE   609 AM EDT   SUNSET   737 PM EDT
APRIL 16 2015.........SUNRISE   608 AM EDT   SUNSET   738 PM EDT


-  INDICATES NEGATIVE NUMBERS.
R  INDICATES RECORD WAS SET OR TIED.
MM INDICATES DATA IS MISSING.
T  INDICATES TRACE AMOUNT.




$$
