000
CDUS41 KBTV 200543
CLIBTV


CLIMATE REPORT
NATIONAL WEATHER SERVICE BURLINGTON VT
142 AM EDT MON APR 20 2015


...................................

...THE BURLINGTON VT CLIMATE SUMMARY FOR APRIL 19 2015...

CLIMATE NORMAL PERIOD 1981 TO 2010
CLIMATE RECORD PERIOD 1884 TO 2015


WEATHER ITEM   OBSERVED TIME   RECORD YEAR NORMAL DEPARTURE LAST
                VALUE   (LST)  VALUE       VALUE  FROM      YEAR
                                                  NORMAL
..................................................................
TEMPERATURE (F)
 YESTERDAY
  MAXIMUM         55    501 PM  91    1976  57     -2       51
  MINIMUM         38   1058 PM  22    1918  36      2       30
  AVERAGE         47                        46      1       41

PRECIPITATION (IN)
  YESTERDAY        0.00          0.76 1969   0.09  -0.09     0.09
  MONTH TO DATE    1.25                      1.75  -0.50     2.59
  SINCE MAR 1      2.15                      3.97  -1.82     4.47
  SINCE JAN 1      4.53                      7.79  -3.26     8.75

SNOWFALL (IN)
  YESTERDAY        0.0           6.0  1925   0.1   -0.1      0.0
  MONTH TO DATE    3.1                       3.6   -0.5      2.8
  SINCE MAR 1      7.5                      19.4  -11.9     28.2
  SINCE JUL 1     83.4                      80.2    3.2     86.5
  SNOW DEPTH       0

DEGREE DAYS
 HEATING
  YESTERDAY       18                        19     -1       24
  MONTH TO DATE  398                       433    -35      416
  SINCE MAR 1   1588                      1487    101     1738
  SINCE JUL 1   7105                      6897    208     7203

 COOLING
  YESTERDAY        0                         0      0        0
  MONTH TO DATE    0                         0      0        0
  SINCE MAR 1      0                         0      0        0
  SINCE JAN 1      0                         0      0        0
..................................................................


WIND (MPH)
  HIGHEST WIND SPEED    17   HIGHEST WIND DIRECTION     N (340)
  HIGHEST GUST SPEED    22   HIGHEST GUST DIRECTION    NW (330)
  AVERAGE WIND SPEED     8.0


SKY COVER
  POSSIBLE SUNSHINE  MM
  AVERAGE SKY COVER 0.5


WEATHER CONDITIONS
 THE FOLLOWING WEATHER WAS RECORDED YESTERDAY.
  NO SIGNIFICANT WEATHER WAS OBSERVED.


RELATIVE HUMIDITY (PERCENT)
 HIGHEST    70          1100 PM
 LOWEST     32           400 PM
 AVERAGE    51

..........................................................


THE BURLINGTON VT CLIMATE NORMALS FOR TODAY
                         NORMAL    RECORD    YEAR
 MAXIMUM TEMPERATURE (F)   57        86      1941
 MINIMUM TEMPERATURE (F)   37        16      1897


SUNRISE AND SUNSET
APRIL 20 2015.........SUNRISE   601 AM EDT   SUNSET   743 PM EDT
APRIL 21 2015.........SUNRISE   559 AM EDT   SUNSET   744 PM EDT


-  INDICATES NEGATIVE NUMBERS.
R  INDICATES RECORD WAS SET OR TIED.
MM INDICATES DATA IS MISSING.
T  INDICATES TRACE AMOUNT.







&&

LAKE CHAMPLAIN DATA:
LEVEL...............97.18 FEET
TEMPERATURE.........39 DEGREES

MOUNT MANSFIELD DATA:
HIGH................42 DEGREES
LOW.................22 DEGREES
PRECIPITATION.......NONE
NEW SNOW............NONE
SNOW AT STAKE.......71 INCHES

$$
