000
CDUS41 KBTV 280613
CLIBTV


CLIMATE REPORT
NATIONAL WEATHER SERVICE BURLINGTON VT
212 AM EDT TUE APR 28 2015


...................................

...THE BURLINGTON VT CLIMATE SUMMARY FOR APRIL 27 2015...

CLIMATE NORMAL PERIOD 1981 TO 2010
CLIMATE RECORD PERIOD 1884 TO 2015


WEATHER ITEM   OBSERVED TIME   RECORD YEAR NORMAL DEPARTURE LAST
                VALUE   (LST)  VALUE       VALUE  FROM      YEAR
                                                  NORMAL
..................................................................
TEMPERATURE (F)
 YESTERDAY
  MAXIMUM         50    421 PM  90    1990  60    -10       48
  MINIMUM         42    823 AM  22    1972  39      3       36
  AVERAGE         46                        50     -4       42

PRECIPITATION (IN)
  YESTERDAY        0.12          1.18 1945   0.10   0.02     0.14
  MONTH TO DATE    2.64                      2.51   0.13     3.15
  SINCE MAR 1      3.54                      4.73  -1.19     5.03
  SINCE JAN 1      5.92                      8.55  -2.63     9.31

SNOWFALL (IN)
  YESTERDAY       MM             2.8  2010   0.1   MM        0.0
  MONTH TO DATE    3.1                       4.4   -1.3      2.8
  SINCE MAR 1      7.5                      20.2  -12.7     28.2
  SINCE JUL 1     83.4                      81.0    2.4     86.5
  SNOW DEPTH       0

DEGREE DAYS
 HEATING
  YESTERDAY       19                        15      4       23
  MONTH TO DATE  556                       567    -11      553
  SINCE MAR 1   1746                      1621    125     1875
  SINCE JUL 1   7263                      7031    232     7340

 COOLING
  YESTERDAY        0                         0      0        0
  MONTH TO DATE    0                         0      0        0
  SINCE MAR 1      0                         0      0        0
  SINCE JAN 1      0                         0      0        0
..................................................................


WIND (MPH)
  HIGHEST WIND SPEED    20   HIGHEST WIND DIRECTION     N (10)
  HIGHEST GUST SPEED    27   HIGHEST GUST DIRECTION     N (20)
  AVERAGE WIND SPEED    10.8


SKY COVER
  POSSIBLE SUNSHINE  MM
  AVERAGE SKY COVER 0.9


WEATHER CONDITIONS
 THE FOLLOWING WEATHER WAS RECORDED YESTERDAY.
  RAIN
  LIGHT RAIN
  FOG


RELATIVE HUMIDITY (PERCENT)
 HIGHEST    89           900 AM
 LOWEST     76          1100 PM
 AVERAGE    83

..........................................................


THE BURLINGTON VT CLIMATE NORMALS FOR TODAY
                         NORMAL    RECORD    YEAR
 MAXIMUM TEMPERATURE (F)   61        90      1990
 MINIMUM TEMPERATURE (F)   40        24      1947


SUNRISE AND SUNSET
APRIL 28 2015.........SUNRISE   548 AM EDT   SUNSET   753 PM EDT
APRIL 29 2015.........SUNRISE   547 AM EDT   SUNSET   754 PM EDT


-  INDICATES NEGATIVE NUMBERS.
R  INDICATES RECORD WAS SET OR TIED.
MM INDICATES DATA IS MISSING.
T  INDICATES TRACE AMOUNT.







&&

LAKE CHAMPLAIN DATA:
LEVEL...............97.84 FEET
TEMPERATURE.........40 DEGREES

MOUNT MANSFIELD DATA:
HIGH................32 DEGREES
LOW.................26 DEGREES
PRECIPITATION.......0.60 INCHES
NEW SNOW............3.0 INCHES
SNOW AT STAKE.......77 INCHES

$$
