000
CDUS41 KBTV 112136
CLIBTV


CLIMATE REPORT
NATIONAL WEATHER SERVICE BURLINGTON VT
536 PM EDT SAT APR 11 2015


...................................

...THE BURLINGTON VT CLIMATE SUMMARY FOR APRIL 11 2015...
VALID TODAY AS OF 0500 PM LOCAL TIME.

CLIMATE NORMAL PERIOD 1981 TO 2010
CLIMATE RECORD PERIOD 1884 TO 2015


WEATHER ITEM   OBSERVED TIME   RECORD YEAR NORMAL DEPARTURE LAST
                VALUE   (LST)  VALUE       VALUE  FROM      YEAR
                                                  NORMAL
..................................................................
TEMPERATURE (F)
 TODAY
  MAXIMUM         51    359 PM  84    1945  53     -2       63
  MINIMUM         41    956 AM  12    1974  33      8       36
  AVERAGE         46                        43      3       50

PRECIPITATION (IN)
  TODAY            T             1.36 1992   0.09  -0.09     0.06
  MONTH TO DATE    0.92                      0.98  -0.06     0.46
  SINCE MAR 1      1.82                      3.20  -1.38     2.34
  SINCE JAN 1      4.20                      7.02  -2.82     6.62

SNOWFALL (IN)
  TODAY            0.0           4.3  1992   0.2   -0.2      0.0
  MONTH TO DATE    3.1                       2.4    0.7       T
  SINCE MAR 1      7.5                      18.2  -10.7     25.4
  SINCE JUL 1     83.4                      79.0    4.4     83.7
  SNOW DEPTH       0

DEGREE DAYS
 HEATING
  TODAY           19                        22     -3       15
  MONTH TO DATE  278                       272      6      256
  SINCE MAR 1   1468                      1326    142     1578
  SINCE JUL 1   6985                      6736    249     7043

 COOLING
  TODAY            0                         0      0        0
  MONTH TO DATE    0                         0      0        0
  SINCE MAR 1      0                         0      0        0
  SINCE JAN 1      0                         0      0        0
..................................................................


WIND (MPH)
  HIGHEST WIND SPEED    22   HIGHEST WIND DIRECTION    NW (320)
  HIGHEST GUST SPEED    35   HIGHEST GUST DIRECTION     W (290)
  AVERAGE WIND SPEED    14.8


SKY COVER
  POSSIBLE SUNSHINE  MM
  AVERAGE SKY COVER 0.9


WEATHER CONDITIONS
 THE FOLLOWING WEATHER WAS RECORDED TODAY.
  NO SIGNIFICANT WEATHER WAS OBSERVED.


RELATIVE HUMIDITY (PERCENT)
 HIGHEST    55          1000 AM
 LOWEST     33           400 PM
 AVERAGE    44

..........................................................


THE BURLINGTON VT CLIMATE NORMALS FOR TOMORROW
                         NORMAL    RECORD    YEAR
 MAXIMUM TEMPERATURE (F)   53        82      1945
 MINIMUM TEMPERATURE (F)   34        16      1976
                                             1975
                                             1926


SUNRISE AND SUNSET
APRIL 11 2015.........SUNRISE   616 AM EDT   SUNSET   732 PM EDT
APRIL 12 2015.........SUNRISE   614 AM EDT   SUNSET   733 PM EDT


-  INDICATES NEGATIVE NUMBERS.
R  INDICATES RECORD WAS SET OR TIED.
MM INDICATES DATA IS MISSING.
T  INDICATES TRACE AMOUNT.




$$
