000
CDUS41 KBTV 170536
CLIBTV


CLIMATE REPORT
NATIONAL WEATHER SERVICE BURLINGTON VT
135 AM EDT FRI APR 17 2015


...................................

...THE BURLINGTON VT CLIMATE SUMMARY FOR APRIL 16 2015...

CLIMATE NORMAL PERIOD 1981 TO 2010
CLIMATE RECORD PERIOD 1884 TO 2015


WEATHER ITEM   OBSERVED TIME   RECORD YEAR NORMAL DEPARTURE LAST
                VALUE   (LST)  VALUE       VALUE  FROM      YEAR
                                                  NORMAL
..................................................................
TEMPERATURE (F)
 YESTERDAY
  MAXIMUM         67    413 PM  86    2002  55     12       33
  MINIMUM         28    503 AM  18    1908  35     -7       22
  AVERAGE         48                        45      3       28

PRECIPITATION (IN)
  YESTERDAY        0.00          1.04 1983   0.09  -0.09     0.03
  MONTH TO DATE    1.07                      1.46  -0.39     2.50
  SINCE MAR 1      1.97                      3.68  -1.71     4.38
  SINCE JAN 1      4.35                      7.50  -3.15     8.66

SNOWFALL (IN)
  YESTERDAY        0.0           4.3  1983   0.1   -0.1      0.2
  MONTH TO DATE    3.1                       3.2   -0.1      2.8
  SINCE MAR 1      7.5                      19.0  -11.5     28.2
  SINCE JUL 1     83.4                      79.8    3.6     86.5
  SNOW DEPTH       0

DEGREE DAYS
 HEATING
  YESTERDAY       17                        20     -3       37
  MONTH TO DATE  361                       376    -15      340
  SINCE MAR 1   1551                      1430    121     1662
  SINCE JUL 1   7068                      6840    228     7127

 COOLING
  YESTERDAY        0                         0      0        0
  MONTH TO DATE    0                         0      0        0
  SINCE MAR 1      0                         0      0        0
  SINCE JAN 1      0                         0      0        0
..................................................................


WIND (MPH)
  HIGHEST WIND SPEED    21   HIGHEST WIND DIRECTION     S (180)
  HIGHEST GUST SPEED    30   HIGHEST GUST DIRECTION     S (180)
  AVERAGE WIND SPEED     7.8


SKY COVER
  POSSIBLE SUNSHINE  MM
  AVERAGE SKY COVER 0.4


WEATHER CONDITIONS
 THE FOLLOWING WEATHER WAS RECORDED YESTERDAY.
  NO SIGNIFICANT WEATHER WAS OBSERVED.


RELATIVE HUMIDITY (PERCENT)
 HIGHEST    69           200 AM
 LOWEST     11           300 PM
 AVERAGE    40

..........................................................


THE BURLINGTON VT CLIMATE NORMALS FOR TODAY
                         NORMAL    RECORD    YEAR
 MAXIMUM TEMPERATURE (F)   56        90      2002
 MINIMUM TEMPERATURE (F)   36        13      1971


SUNRISE AND SUNSET
APRIL 17 2015.........SUNRISE   606 AM EDT   SUNSET   739 PM EDT
APRIL 18 2015.........SUNRISE   604 AM EDT   SUNSET   741 PM EDT


-  INDICATES NEGATIVE NUMBERS.
R  INDICATES RECORD WAS SET OR TIED.
MM INDICATES DATA IS MISSING.
T  INDICATES TRACE AMOUNT.


&&

LAKE CHAMPLAIN DATA:
LEVEL...............96.78 FEET
TEMPERATURE.........37 DEGREES

MOUNT MANSFIELD DATA:
HIGH................51 DEGREES
LOW.................28 DEGREES
PRECIPITATION.......NONE
NEW SNOW............NONE
SNOW AT STAKE.......76 INCHES

$$
