000
CDUS41 KBTV 110537
CLIBTV


CLIMATE REPORT
NATIONAL WEATHER SERVICE BURLINGTON VT
137 AM EDT SAT APR 11 2015


...................................

...THE BURLINGTON VT CLIMATE SUMMARY FOR APRIL 10 2015...

CLIMATE NORMAL PERIOD 1981 TO 2010
CLIMATE RECORD PERIOD 1884 TO 2015


WEATHER ITEM   OBSERVED TIME   RECORD YEAR NORMAL DEPARTURE LAST
                VALUE   (LST)  VALUE       VALUE  FROM      YEAR
                                                  NORMAL
..................................................................
TEMPERATURE (F)
 YESTERDAY
  MAXIMUM         54    505 PM  81    1945  52      2       63
  MINIMUM         37    142 AM  16    1975  33      4       25
  AVERAGE         46                        42      4       44

PRECIPITATION (IN)
  YESTERDAY        0.10          0.83 1971   0.10   0.00     0.00
  MONTH TO DATE    0.92                      0.89   0.03     0.40
  SINCE MAR 1      1.82                      3.11  -1.29     2.28
  SINCE JAN 1      4.20                      6.93  -2.73     6.56

SNOWFALL (IN)
  YESTERDAY        0.0           7.3  1971   0.2   -0.2      0.0
  MONTH TO DATE    3.1                       2.2    0.9       T
  SINCE MAR 1      7.5                      18.0  -10.5     25.4
  SINCE JUL 1     83.4                      78.8    4.6     83.7
  SNOW DEPTH       0

DEGREE DAYS
 HEATING
  YESTERDAY       19                        23     -4       21
  MONTH TO DATE  259                       250      9      241
  SINCE MAR 1   1449                      1304    145     1563
  SINCE JUL 1   6966                      6714    252     7028

 COOLING
  YESTERDAY        0                         0      0        0
  MONTH TO DATE    0                         0      0        0
  SINCE MAR 1      0                         0      0        0
  SINCE JAN 1      0                         0      0        0
..................................................................


WIND (MPH)
  HIGHEST WIND SPEED    29   HIGHEST WIND DIRECTION     S (180)
  HIGHEST GUST SPEED    40   HIGHEST GUST DIRECTION     S (180)
  AVERAGE WIND SPEED    17.2


SKY COVER
  POSSIBLE SUNSHINE  MM
  AVERAGE SKY COVER 0.9


WEATHER CONDITIONS
 THE FOLLOWING WEATHER WAS RECORDED YESTERDAY.
  LIGHT RAIN
  FOG


RELATIVE HUMIDITY (PERCENT)
 HIGHEST    86           300 PM
 LOWEST     50          1100 PM
 AVERAGE    68

..........................................................


THE BURLINGTON VT CLIMATE NORMALS FOR TODAY
                         NORMAL    RECORD    YEAR
 MAXIMUM TEMPERATURE (F)   53        84      1945
 MINIMUM TEMPERATURE (F)   33        12      1974


SUNRISE AND SUNSET
APRIL 11 2015.........SUNRISE   616 AM EDT   SUNSET   732 PM EDT
APRIL 12 2015.........SUNRISE   614 AM EDT   SUNSET   733 PM EDT


-  INDICATES NEGATIVE NUMBERS.
R  INDICATES RECORD WAS SET OR TIED.
MM INDICATES DATA IS MISSING.
T  INDICATES TRACE AMOUNT.

&&

LAKE CHAMPLAIN DATA:
LAKE LEVEL..........95.56 FEET
WATER TEMPERATURE...36 DEGREES

MOUNT MANSFIELD DATA:
HIGH TEMPERATURE...46 DEGREES
LOW TEMPERATURE....21 DEGREES
PRECIPITATION......0.30 INCHES
NEW SNOW...........TRACE
SNOW AT STAKE......88 INCHES

$$
