000
CDUS41 KBTV 260552
CLIBTV


CLIMATE REPORT
NATIONAL WEATHER SERVICE BURLINGTON VT
139 AM EDT SUN APR 26 2015


...................................

...THE BURLINGTON VT CLIMATE SUMMARY FOR APRIL 25 2015...

CLIMATE NORMAL PERIOD 1981 TO 2010
CLIMATE RECORD PERIOD 1884 TO 2015


WEATHER ITEM   OBSERVED TIME   RECORD YEAR NORMAL DEPARTURE LAST
                VALUE   (LST)  VALUE       VALUE  FROM      YEAR
                                                  NORMAL
..................................................................
TEMPERATURE (F)
 YESTERDAY
  MAXIMUM         51    441 PM  86    2009  60     -9       56
  MINIMUM         35    620 AM  20    1919  38     -3       29
  AVERAGE         43                        49     -6       43

PRECIPITATION (IN)
  YESTERDAY        T             1.09 1945   0.09  -0.09     0.00
  MONTH TO DATE    2.52                      2.31   0.21     2.74
  SINCE MAR 1      3.42                      4.53  -1.11     4.62
  SINCE JAN 1      5.80                      8.35  -2.55     8.90

SNOWFALL (IN)
  YESTERDAY        T             0.5  1930   0.1   -0.1      0.0
  MONTH TO DATE    3.1                       4.3   -1.2      2.8
  SINCE MAR 1      7.5                      20.1  -12.6     28.2
  SINCE JUL 1     83.4                      80.9    2.5     86.5
  SNOW DEPTH       0

DEGREE DAYS
 HEATING
  YESTERDAY       22                        16      6       22
  MONTH TO DATE  521                       536    -15      510
  SINCE MAR 1   1711                      1590    121     1832
  SINCE JUL 1   7228                      7000    228     7297

 COOLING
  YESTERDAY        0                         0      0        0
  MONTH TO DATE    0                         0      0        0
  SINCE MAR 1      0                         0      0        0
  SINCE JAN 1      0                         0      0        0
..................................................................


WIND (MPH)
  HIGHEST WIND SPEED    16   HIGHEST WIND DIRECTION    NW (330)
  HIGHEST GUST SPEED    20   HIGHEST GUST DIRECTION    NW (320)
  AVERAGE WIND SPEED     7.0


SKY COVER
  POSSIBLE SUNSHINE  MM
  AVERAGE SKY COVER 1.0


WEATHER CONDITIONS
 THE FOLLOWING WEATHER WAS RECORDED YESTERDAY.
  LIGHT SNOW


RELATIVE HUMIDITY (PERCENT)
 HIGHEST    62          1100 PM
 LOWEST     45          1100 AM
 AVERAGE    54

..........................................................


THE BURLINGTON VT CLIMATE NORMALS FOR TODAY
                         NORMAL    RECORD    YEAR
 MAXIMUM TEMPERATURE (F)   60        84      1913
 MINIMUM TEMPERATURE (F)   39        20      1919


SUNRISE AND SUNSET
APRIL 26 2015.........SUNRISE   551 AM EDT   SUNSET   750 PM EDT
APRIL 27 2015.........SUNRISE   550 AM EDT   SUNSET   752 PM EDT


-  INDICATES NEGATIVE NUMBERS.
R  INDICATES RECORD WAS SET OR TIED.
MM INDICATES DATA IS MISSING.
T  INDICATES TRACE AMOUNT.







&&

LAKE CHAMPLAIN DATA:
LEVEL...............97.80 FEET
TEMPERATURE.........39 DEGREES

MOUNT MANSFIELD DATA:
HIGH................27 DEGREES
LOW.................16 DEGREES
PRECIPITATION.......TRACE
NEW SNOW............TRACE
SNOW AT STAKE.......75 INCHES

$$
