000
CDUS41 KBTV 060519
CLIBTV


CLIMATE REPORT
NATIONAL WEATHER SERVICE BURLINGTON VT
118 AM EDT MON APR 6 2015


...................................

...THE BURLINGTON VT CLIMATE SUMMARY FOR APRIL 5 2015...

CLIMATE NORMAL PERIOD 1981 TO 2010
CLIMATE RECORD PERIOD 1884 TO 2015


WEATHER ITEM   OBSERVED TIME   RECORD YEAR NORMAL DEPARTURE LAST
                VALUE   (LST)  VALUE       VALUE  FROM      YEAR
                                                  NORMAL
..................................................................
TEMPERATURE (F)
 YESTERDAY
  MAXIMUM         41    305 PM  75    1928  49     -8       45
  MINIMUM         27   1219 AM   3    1964  31     -4       35
  AVERAGE         34                        40     -6       40

PRECIPITATION (IN)
  YESTERDAY        T             1.12 1920   0.09  -0.09      T
  MONTH TO DATE    0.43                      0.44  -0.01     0.09
  SINCE MAR 1      1.33                      2.66  -1.33     1.97
  SINCE JAN 1      3.71                      6.48  -2.77     6.25

SNOWFALL (IN)
  YESTERDAY        0.1           4.5  1911   0.2   -0.1      0.0
  MONTH TO DATE    0.8                       1.2   -0.4      0.0
  SINCE MAR 1      5.2                      17.0  -11.8     25.4
  SINCE JUL 1     81.1                      77.8    3.3     83.7
  SNOW DEPTH       0

DEGREE DAYS
 HEATING
  YESTERDAY       31                        25      6       25
  MONTH TO DATE  122                       131     -9      133
  SINCE MAR 1   1312                      1185    127     1455
  SINCE JUL 1   6829                      6595    234     6920

 COOLING
  YESTERDAY        0                         0      0        0
  MONTH TO DATE    0                         0      0        0
  SINCE MAR 1      0                         0      0        0
  SINCE JAN 1      0                         0      0        0
..................................................................


WIND (MPH)
  HIGHEST WIND SPEED    20   HIGHEST WIND DIRECTION    NW (310)
  HIGHEST GUST SPEED    28   HIGHEST GUST DIRECTION     W (290)
  AVERAGE WIND SPEED     8.1


SKY COVER
  POSSIBLE SUNSHINE  MM
  AVERAGE SKY COVER 0.5


WEATHER CONDITIONS
 THE FOLLOWING WEATHER WAS RECORDED YESTERDAY.
  LIGHT SNOW
  FOG


RELATIVE HUMIDITY (PERCENT)
 HIGHEST    69           700 AM
 LOWEST     27          1200 PM
 AVERAGE    48

..........................................................


THE BURLINGTON VT CLIMATE NORMALS FOR TODAY
                         NORMAL    RECORD    YEAR
 MAXIMUM TEMPERATURE (F)   50        77      1928
 MINIMUM TEMPERATURE (F)   31        10      1943


SUNRISE AND SUNSET
APRIL  6 2015.........SUNRISE   625 AM EDT   SUNSET   726 PM EDT
APRIL  7 2015.........SUNRISE   623 AM EDT   SUNSET   727 PM EDT


-  INDICATES NEGATIVE NUMBERS.
R  INDICATES RECORD WAS SET OR TIED.
MM INDICATES DATA IS MISSING.
T  INDICATES TRACE AMOUNT.

&&

LAKE CHAMPLAIN DATA:
LEVEL...............94.90 FEET
TEMPERATURE.........36 DEGREES

MOUNT MANSFIELD DATA:
HIGH................20 DEGREES
LOW.................9 DEGREES
PRECIPITATION.......TRACE
NEW SNOW............TRACE
SNOW AT STAKE.......86 INCHES

$$
