000
CDUS41 KBTV 150532
CLIBTV


CLIMATE REPORT
NATIONAL WEATHER SERVICE BURLINGTON VT
131 AM EDT WED APR 15 2015


...................................

...THE BURLINGTON VT CLIMATE SUMMARY FOR APRIL 14 2015...

CLIMATE NORMAL PERIOD 1981 TO 2010
CLIMATE RECORD PERIOD 1884 TO 2015


WEATHER ITEM   OBSERVED TIME   RECORD YEAR NORMAL DEPARTURE LAST
                VALUE   (LST)  VALUE       VALUE  FROM      YEAR
                                                  NORMAL
..................................................................
TEMPERATURE (F)
 YESTERDAY
  MAXIMUM         65    331 PM  84    1968  54     11       81
  MINIMUM         38   1148 PM  17    1973  34      4       48
                                      1923
  AVERAGE         52                        44      8       65

PRECIPITATION (IN)
  YESTERDAY        0.15          0.64 1979   0.09   0.06     0.06
  MONTH TO DATE    1.07                      1.27  -0.20     0.80
  SINCE MAR 1      1.97                      3.49  -1.52     2.68
  SINCE JAN 1      4.35                      7.31  -2.96     6.96

SNOWFALL (IN)
  YESTERDAY        0.0           4.6  1943   0.1   -0.1      0.0
  MONTH TO DATE    3.1                       2.9    0.2       T
  SINCE MAR 1      7.5                      18.7  -11.2     25.4
  SINCE JUL 1     83.4                      79.5    3.9     83.7
  SNOW DEPTH       0

DEGREE DAYS
 HEATING
  YESTERDAY       13                        21     -8        0
  MONTH TO DATE  323                       336    -13      285
  SINCE MAR 1   1513                      1390    123     1607
  SINCE JUL 1   7030                      6800    230     7072

 COOLING
  YESTERDAY        0                         0      0        0
  MONTH TO DATE    0                         0      0        0
  SINCE MAR 1      0                         0      0        0
  SINCE JAN 1      0                         0      0        0
..................................................................


WIND (MPH)
  HIGHEST WIND SPEED    31   HIGHEST WIND DIRECTION    NW (300)
  HIGHEST GUST SPEED    38   HIGHEST GUST DIRECTION     W (280)
  AVERAGE WIND SPEED     8.3


SKY COVER
  POSSIBLE SUNSHINE  MM
  AVERAGE SKY COVER 0.4


WEATHER CONDITIONS
 THE FOLLOWING WEATHER WAS RECORDED YESTERDAY.
  LIGHT RAIN


RELATIVE HUMIDITY (PERCENT)
 HIGHEST    71           200 AM
 LOWEST     20           300 PM
 AVERAGE    46

..........................................................


THE BURLINGTON VT CLIMATE NORMALS FOR TODAY
                         NORMAL    RECORD    YEAR
 MAXIMUM TEMPERATURE (F)   55        82      2003
 MINIMUM TEMPERATURE (F)   35        18      1926


SUNRISE AND SUNSET
APRIL 15 2015.........SUNRISE   609 AM EDT   SUNSET   737 PM EDT
APRIL 16 2015.........SUNRISE   608 AM EDT   SUNSET   738 PM EDT


-  INDICATES NEGATIVE NUMBERS.
R  INDICATES RECORD WAS SET OR TIED.
MM INDICATES DATA IS MISSING.
T  INDICATES TRACE AMOUNT.

&&

LAKE CHAMPLAIN DATA:
LEVEL...............96.22 FEET
TEMPERATURE.........36 DEGREES

MOUNT MANSFIELD DATA:
HIGH................57 DEGREES
LOW.................29 DEGREES
PRECIPITATION.......0.07 INCHES
NEW SNOW............NONE
SNOW AT STAKE.......77 INCHES

$$
