000
CDUS41 KBTV 012134
CLIBTV


CLIMATE REPORT
NATIONAL WEATHER SERVICE BURLINGTON VT
533 PM EDT FRI MAY 1 2015


...................................

...THE BURLINGTON VT CLIMATE SUMMARY FOR MAY 1 2015...
VALID TODAY AS OF 0500 PM LOCAL TIME.

CLIMATE NORMAL PERIOD 1981 TO 2010
CLIMATE RECORD PERIOD 1884 TO 2015


WEATHER ITEM   OBSERVED TIME   RECORD YEAR NORMAL DEPARTURE LAST
                VALUE   (LST)  VALUE       VALUE  FROM      YEAR
                                                  NORMAL
..................................................................
TEMPERATURE (F)
 TODAY
  MAXIMUM         67    208 PM  86    2001  62      5       68
  MINIMUM         49    600 AM  25    1961  41      8       45
  AVERAGE         58                        51      7       57

PRECIPITATION (IN)
  TODAY            0.00          0.70 1893   0.10  -0.10     0.10
  MONTH TO DATE    0.00                      0.10  -0.10     0.10
  SINCE MAR 1      3.54                      5.14  -1.60     5.64
  SINCE JAN 1      5.92                      8.96  -3.04     9.92

SNOWFALL (IN)
  TODAY            0.0           T    1979   0.1   -0.1      0.0
                                      1963
                                      1947
  MONTH TO DATE    0.0                       0.1   -0.1      0.0
  SINCE MAR 1      7.5                      20.5  -13.0     28.2
  SINCE JUL 1     83.4                      81.3    2.1     86.5
  SNOW DEPTH       0

DEGREE DAYS
 HEATING
  TODAY            7                        14     -7        8
  MONTH TO DATE    7                        14     -7        8
  SINCE MAR 1   1796                      1678    118     1935
  SINCE JUL 1   7313                      7088    225     7400

 COOLING
  TODAY            0                         0      0        0
  MONTH TO DATE    0                         0      0        0
  SINCE MAR 1      0                         2     -2        0
  SINCE JAN 1      0                         2     -2        0
..................................................................


WIND (MPH)
  HIGHEST WIND SPEED    20   HIGHEST WIND DIRECTION    NW (320)
  HIGHEST GUST SPEED    23   HIGHEST GUST DIRECTION    NW (320)
  AVERAGE WIND SPEED     6.8


SKY COVER
  POSSIBLE SUNSHINE  MM
  AVERAGE SKY COVER 0.7


WEATHER CONDITIONS
 THE FOLLOWING WEATHER WAS RECORDED TODAY.
  NO SIGNIFICANT WEATHER WAS OBSERVED.


RELATIVE HUMIDITY (PERCENT)
 HIGHEST    77           500 AM
 LOWEST     34           100 PM
 AVERAGE    56

..........................................................


THE BURLINGTON VT CLIMATE NORMALS FOR TOMORROW
                         NORMAL    RECORD    YEAR
 MAXIMUM TEMPERATURE (F)   63        86      2001
 MINIMUM TEMPERATURE (F)   41        27      1966


SUNRISE AND SUNSET
MAY  1 2015...........SUNRISE   544 AM EDT   SUNSET   757 PM EDT
MAY  2 2015...........SUNRISE   542 AM EDT   SUNSET   758 PM EDT


-  INDICATES NEGATIVE NUMBERS.
R  INDICATES RECORD WAS SET OR TIED.
MM INDICATES DATA IS MISSING.
T  INDICATES TRACE AMOUNT.




$$
