000
CDUS41 KCAR 160530
CLICAR


CLIMATE REPORT
NATIONAL WEATHER SERVICE CARIBOU, ME
127 AM EDT THU APR 16 2015


...................................

...THE CARIBOU ME CLIMATE SUMMARY FOR APRIL 15 2015...

CLIMATE NORMAL PERIOD 1981 TO 2010
CLIMATE RECORD PERIOD 1939 TO 2015


WEATHER ITEM   OBSERVED TIME   RECORD YEAR NORMAL DEPARTURE LAST
                VALUE   (LST)  VALUE       VALUE  FROM      YEAR
                                                  NORMAL
..................................................................
TEMPERATURE (F)
 YESTERDAY
  MAXIMUM         44    400 PM  65    2012  47     -3       53
                                      1994
                                      1987
  MINIMUM         30   1159 PM  13    1981  30      0       39
  AVERAGE         37                        38     -1       46

PRECIPITATION (IN)
  YESTERDAY        0.00          0.69 1974   0.10  -0.10     0.44
  MONTH TO DATE    1.18                      1.33  -0.15     2.12
  SINCE MAR 1      2.83                      3.84  -1.01     5.56
  SINCE JAN 1      6.93                      8.76  -1.83    11.78

SNOWFALL (IN)
  YESTERDAY        0.0           1.7  1948   0.3   -0.3      0.0
  MONTH TO DATE    8.5                       5.1    3.4      5.4
  SINCE MAR 1     33.4                      23.4   10.0     47.5
  SINCE JUL 1    141.7                     105.9   35.8    146.9
  SNOW DEPTH       T

DEGREE DAYS
 HEATING
  YESTERDAY       28                        27      1       19
  MONTH TO DATE  503                       454     49      431
  SINCE MAR 1   1905                      1708    197     1971
  SINCE JUL 1   8646                      8429    217     8625

 COOLING
  YESTERDAY        0                         0      0        0
  MONTH TO DATE    0                         0      0        0
  SINCE MAR 1      0                         0      0        0
  SINCE JAN 1      0                         0      0        0
..................................................................


WIND (MPH)
  HIGHEST WIND SPEED    22   HIGHEST WIND DIRECTION     N (360)
  HIGHEST GUST SPEED    28   HIGHEST GUST DIRECTION     N (360)
  AVERAGE WIND SPEED    10.2


SKY COVER
  POSSIBLE SUNSHINE  MM
  AVERAGE SKY COVER 0.0


WEATHER CONDITIONS
 THE FOLLOWING WEATHER WAS RECORDED YESTERDAY.
  NO SIGNIFICANT WEATHER WAS OBSERVED.


RELATIVE HUMIDITY (PERCENT)
 HIGHEST    64           400 AM
 LOWEST     28           400 PM
 AVERAGE    46

..........................................................


THE CARIBOU ME CLIMATE NORMALS FOR TODAY
                         NORMAL    RECORD    YEAR
 MAXIMUM TEMPERATURE (F)   48        76      2012
 MINIMUM TEMPERATURE (F)   30        11      2003
                                             1981


SUNRISE AND SUNSET
APRIL 16 2015.........SUNRISE   543 AM EDT   SUNSET   721 PM EDT
APRIL 17 2015.........SUNRISE   541 AM EDT   SUNSET   723 PM EDT


-  INDICATES NEGATIVE NUMBERS.
R  INDICATES RECORD WAS SET OR TIED.
MM INDICATES DATA IS MISSING.
T  INDICATES TRACE AMOUNT.




$$
