000
CDUS41 KCAR 212037
CLICAR


CLIMATE REPORT
NATIONAL WEATHER SERVICE CARIBOU, ME
436 PM EDT TUE APR 21 2015


...................................

...THE CARIBOU ME CLIMATE SUMMARY FOR APRIL 21 2015...
VALID TODAY AS OF 0400 PM LOCAL TIME.

CLIMATE NORMAL PERIOD 1981 TO 2010
CLIMATE RECORD PERIOD 1939 TO 2015


WEATHER ITEM   OBSERVED TIME   RECORD YEAR NORMAL DEPARTURE LAST
                VALUE   (LST)  VALUE       VALUE  FROM      YEAR
                                                  NORMAL
..................................................................
TEMPERATURE (F)
 TODAY
  MAXIMUM         44    254 PM  82    1987  51     -7       61
  MINIMUM         36    410 AM   8    1947  32      4       37
  AVERAGE         40                        41     -1       49

PRECIPITATION (IN)
  TODAY            0.37          1.03 1950   0.08   0.29     0.00
  MONTH TO DATE    1.61                      1.86  -0.25     2.46
  SINCE MAR 1      3.26                      4.37  -1.11     5.90
  SINCE JAN 1      7.36                      9.29  -1.93    12.12

SNOWFALL (IN)
  TODAY            T             1.5  2011   0.2   -0.2      0.0
                                      1940
  MONTH TO DATE    8.5                       6.5    2.0      5.9
  SINCE MAR 1     33.4                      24.8    8.6     48.0
  SINCE JUL 1    141.7                     107.3   34.4    147.4
  SNOW DEPTH       T

DEGREE DAYS
 HEATING
  TODAY           25                        24      1       16
  MONTH TO DATE  644                       604     40      604
  SINCE MAR 1   2046                      1858    188     2144
  SINCE JUL 1   8787                      8579    208     8798

 COOLING
  TODAY            0                         0      0        0
  MONTH TO DATE    0                         0      0        0
  SINCE MAR 1      0                         0      0        0
  SINCE JAN 1      0                         0      0        0
..................................................................


WIND (MPH)
  HIGHEST WIND SPEED    23   HIGHEST WIND DIRECTION    SE (140)
  HIGHEST GUST SPEED    32   HIGHEST GUST DIRECTION     S (160)
  AVERAGE WIND SPEED    14.3


SKY COVER
  POSSIBLE SUNSHINE  MM
  AVERAGE SKY COVER 1.0


WEATHER CONDITIONS
 THE FOLLOWING WEATHER WAS RECORDED TODAY.
  HEAVY RAIN
  LIGHT RAIN
  LIGHT SNOW
  FOG


RELATIVE HUMIDITY (PERCENT)
 HIGHEST    92           700 AM
 LOWEST     76          1200 AM
 AVERAGE    84

..........................................................


THE CARIBOU ME CLIMATE NORMALS FOR TOMORROW
                         NORMAL    RECORD    YEAR
 MAXIMUM TEMPERATURE (F)   51        69      2004
 MINIMUM TEMPERATURE (F)   33        18      1947


SUNRISE AND SUNSET
APRIL 21 2015.........SUNRISE   534 AM EDT   SUNSET   728 PM EDT
APRIL 22 2015.........SUNRISE   532 AM EDT   SUNSET   730 PM EDT


-  INDICATES NEGATIVE NUMBERS.
R  INDICATES RECORD WAS SET OR TIED.
MM INDICATES DATA IS MISSING.
T  INDICATES TRACE AMOUNT.




$$
