000
CDUS41 KCAR 310530
CLICAR


CLIMATE REPORT
NATIONAL WEATHER SERVICE CARIBOU, ME
130 AM EDT TUE MAR 31 2015


...................................

...THE CARIBOU ME CLIMATE SUMMARY FOR MARCH 30 2015...

CLIMATE NORMAL PERIOD 1981 TO 2010
CLIMATE RECORD PERIOD 1939 TO 2015


WEATHER ITEM   OBSERVED TIME   RECORD YEAR NORMAL DEPARTURE LAST
                VALUE   (LST)  VALUE       VALUE  FROM      YEAR
                                                  NORMAL
..................................................................
TEMPERATURE (F)
 YESTERDAY
  MAXIMUM         38   1252 PM  73    1962  39     -1       29
  MINIMUM         23    451 AM  -1    1943  22      1       27
  AVERAGE         31                        30      1       28

PRECIPITATION (IN)
  YESTERDAY        0.06          0.71 2009   0.08  -0.02     0.58
  MONTH TO DATE    1.63                      2.43  -0.80     3.44
  SINCE MAR 1      1.63                      2.43  -0.80     3.44
  SINCE JAN 1      5.73                      7.35  -1.62     9.66

SNOWFALL (IN)
  YESTERDAY        1.3           5.1  2009   0.4    0.9      4.5
  MONTH TO DATE   24.6                      17.9    6.7     42.1
  SINCE MAR 1     24.6                      17.9    6.7     42.1
  SINCE JUL 1    132.9                     100.4   32.5    141.5
  SNOW DEPTH      11

DEGREE DAYS
 HEATING
  YESTERDAY       34                        34      0       37
  MONTH TO DATE 1366                      1219    147     1505
  SINCE MAR 1   1366                      1219    147     1505
  SINCE JUL 1   8107                      7940    167     8159

 COOLING
  YESTERDAY        0                         0      0        0
  MONTH TO DATE    0                         0      0        0
  SINCE MAR 1      0                         0      0        0
  SINCE JAN 1      0                         0      0        0
..................................................................


WIND (MPH)
  HIGHEST WIND SPEED    23   HIGHEST WIND DIRECTION     S (180)
  HIGHEST GUST SPEED    31   HIGHEST GUST DIRECTION     S (180)
  AVERAGE WIND SPEED     9.7


SKY COVER
  POSSIBLE SUNSHINE  MM
  AVERAGE SKY COVER 0.8


WEATHER CONDITIONS
 THE FOLLOWING WEATHER WAS RECORDED YESTERDAY.
  LIGHT SNOW
  FOG


RELATIVE HUMIDITY (PERCENT)
 HIGHEST    92           600 PM
 LOWEST     39          1200 AM
 AVERAGE    66

..........................................................


THE CARIBOU ME CLIMATE NORMALS FOR TODAY
                         NORMAL    RECORD    YEAR
 MAXIMUM TEMPERATURE (F)   40        59      2006
 MINIMUM TEMPERATURE (F)   22         0      1954


SUNRISE AND SUNSET
MARCH 31 2015.........SUNRISE   614 AM EDT   SUNSET   700 PM EDT
APRIL  1 2015.........SUNRISE   612 AM EDT   SUNSET   701 PM EDT


-  INDICATES NEGATIVE NUMBERS.
R  INDICATES RECORD WAS SET OR TIED.
MM INDICATES DATA IS MISSING.
T  INDICATES TRACE AMOUNT.




$$
