000
CDUS41 KCAR 230542
CLICAR


CLIMATE REPORT
NATIONAL WEATHER SERVICE CARIBOU, ME
140 AM EDT THU APR 23 2015


...................................

...THE CARIBOU ME CLIMATE SUMMARY FOR APRIL 22 2015...

CLIMATE NORMAL PERIOD 1981 TO 2010
CLIMATE RECORD PERIOD 1939 TO 2015


WEATHER ITEM   OBSERVED TIME   RECORD YEAR NORMAL DEPARTURE LAST
                VALUE   (LST)  VALUE       VALUE  FROM      YEAR
                                                  NORMAL
..................................................................
TEMPERATURE (F)
 YESTERDAY
  MAXIMUM         58    409 PM  69    2004  51      7       47
  MINIMUM         33    236 AM  18    1947  33      0       35
  AVERAGE         46                        42      4       41

PRECIPITATION (IN)
  YESTERDAY        T             1.01 1958   0.09  -0.09     0.28
  MONTH TO DATE    1.78                      1.95  -0.17     2.74
  SINCE MAR 1      3.43                      4.46  -1.03     6.18
  SINCE JAN 1      7.53                      9.38  -1.85    12.40

SNOWFALL (IN)
  YESTERDAY        0.0           4.6  1989   0.1   -0.1      0.0
  MONTH TO DATE    8.5                       6.6    1.9      5.9
  SINCE MAR 1     33.4                      24.9    8.5     48.0
  SINCE JUL 1    141.7                     107.4   34.3    147.4
  SNOW DEPTH       T

DEGREE DAYS
 HEATING
  YESTERDAY       19                        23     -4       24
  MONTH TO DATE  663                       627     36      628
  SINCE MAR 1   2065                      1881    184     2168
  SINCE JUL 1   8806                      8602    204     8822

 COOLING
  YESTERDAY        0                         0      0        0
  MONTH TO DATE    0                         0      0        0
  SINCE MAR 1      0                         0      0        0
  SINCE JAN 1      0                         0      0        0
..................................................................


WIND (MPH)
  HIGHEST WIND SPEED    15   HIGHEST WIND DIRECTION     E (100)
  HIGHEST GUST SPEED    22   HIGHEST GUST DIRECTION     E (110)
  AVERAGE WIND SPEED     4.6


SKY COVER
  POSSIBLE SUNSHINE  MM
  AVERAGE SKY COVER 0.7


WEATHER CONDITIONS
 THE FOLLOWING WEATHER WAS RECORDED YESTERDAY.
  LIGHT RAIN
  FOG
  FOG W/VISIBILITY <= 1/4 MILE


RELATIVE HUMIDITY (PERCENT)
 HIGHEST   100          1200 AM
 LOWEST     30           500 PM
 AVERAGE    65

..........................................................


THE CARIBOU ME CLIMATE NORMALS FOR TODAY
                         NORMAL    RECORD    YEAR
 MAXIMUM TEMPERATURE (F)   52        77      2007
 MINIMUM TEMPERATURE (F)   33        21      1994


SUNRISE AND SUNSET
APRIL 23 2015.........SUNRISE   531 AM EDT   SUNSET   731 PM EDT
APRIL 24 2015.........SUNRISE   529 AM EDT   SUNSET   732 PM EDT


-  INDICATES NEGATIVE NUMBERS.
R  INDICATES RECORD WAS SET OR TIED.
MM INDICATES DATA IS MISSING.
T  INDICATES TRACE AMOUNT.




$$
