000
CDUS41 KCAR 200535
CLICAR


CLIMATE REPORT
NATIONAL WEATHER SERVICE CARIBOU, ME
132 AM EDT MON APR 20 2015


...................................

...THE CARIBOU ME CLIMATE SUMMARY FOR APRIL 19 2015...

CLIMATE NORMAL PERIOD 1981 TO 2010
CLIMATE RECORD PERIOD 1939 TO 2015


WEATHER ITEM   OBSERVED TIME   RECORD YEAR NORMAL DEPARTURE LAST
                VALUE   (LST)  VALUE       VALUE  FROM      YEAR
                                                  NORMAL
..................................................................
TEMPERATURE (F)
 YESTERDAY
  MAXIMUM         51    140 PM  72    1987  50      1       43
  MINIMUM         29   1159 PM  17    1961  31     -2       32
  AVERAGE         40                        40      0       38

PRECIPITATION (IN)
  YESTERDAY        0.00          0.75 1968   0.09  -0.09     0.01
  MONTH TO DATE    1.24                      1.69  -0.45     2.46
  SINCE MAR 1      2.89                      4.20  -1.31     5.90
  SINCE JAN 1      6.99                      9.12  -2.13    12.12

SNOWFALL (IN)
  YESTERDAY        0.0           3.7  1949   0.3   -0.3       T
  MONTH TO DATE    8.5                       6.1    2.4      5.9
  SINCE MAR 1     33.4                      24.4    9.0     48.0
  SINCE JUL 1    141.7                     106.9   34.8    147.4
  SNOW DEPTH       T

DEGREE DAYS
 HEATING
  YESTERDAY       25                        25      0       27
  MONTH TO DATE  593                       556     37      561
  SINCE MAR 1   1995                      1810    185     2101
  SINCE JUL 1   8736                      8531    205     8755

 COOLING
  YESTERDAY        0                         0      0        0
  MONTH TO DATE    0                         0      0        0
  SINCE MAR 1      0                         0      0        0
  SINCE JAN 1      0                         0      0        0
..................................................................


WIND (MPH)
  HIGHEST WIND SPEED    20   HIGHEST WIND DIRECTION    NW (330)
  HIGHEST GUST SPEED    27   HIGHEST GUST DIRECTION    NW (330)
  AVERAGE WIND SPEED     8.1


SKY COVER
  POSSIBLE SUNSHINE  MM
  AVERAGE SKY COVER 0.3


WEATHER CONDITIONS
 THE FOLLOWING WEATHER WAS RECORDED YESTERDAY.
  NO SIGNIFICANT WEATHER WAS OBSERVED.


RELATIVE HUMIDITY (PERCENT)
 HIGHEST    70           700 AM
 LOWEST     21           300 PM
 AVERAGE    46

..........................................................


THE CARIBOU ME CLIMATE NORMALS FOR TODAY
                         NORMAL    RECORD    YEAR
 MAXIMUM TEMPERATURE (F)   50        76      1987
 MINIMUM TEMPERATURE (F)   32        15      1947


SUNRISE AND SUNSET
APRIL 20 2015.........SUNRISE   536 AM EDT   SUNSET   727 PM EDT
APRIL 21 2015.........SUNRISE   534 AM EDT   SUNSET   728 PM EDT


-  INDICATES NEGATIVE NUMBERS.
R  INDICATES RECORD WAS SET OR TIED.
MM INDICATES DATA IS MISSING.
T  INDICATES TRACE AMOUNT.




$$
