000
CDUS41 KCAR 290536
CLICAR


CLIMATE REPORT
NATIONAL WEATHER SERVICE CARIBOU, ME
132 AM EDT SUN MAR 29 2015


...................................

...THE CARIBOU ME CLIMATE SUMMARY FOR MARCH 28 2015...

CLIMATE NORMAL PERIOD 1981 TO 2010
CLIMATE RECORD PERIOD 1939 TO 2015


WEATHER ITEM   OBSERVED TIME   RECORD YEAR NORMAL DEPARTURE LAST
                VALUE   (LST)  VALUE       VALUE  FROM      YEAR
                                                  NORMAL
..................................................................
TEMPERATURE (F)
 YESTERDAY
  MAXIMUM         32    337 PM  64    1993  38     -6       35
  MINIMUM         16    607 AM  -7    1974  21     -5       16
  AVERAGE         24                        30     -6       26

PRECIPITATION (IN)
  YESTERDAY        0.00          0.71 1991   0.08  -0.08     0.20
  MONTH TO DATE    1.57                      2.27  -0.70     2.86
  SINCE MAR 1      1.57                      2.27  -0.70     2.86
  SINCE JAN 1      5.67                      7.19  -1.52     9.08

SNOWFALL (IN)
  YESTERDAY        0.0           2.1  2005   0.4   -0.4      1.6
  MONTH TO DATE   23.3                      17.0    6.3     37.6
  SINCE MAR 1     23.3                      17.0    6.3     37.6
  SINCE JUL 1    131.6                      99.5   32.1    137.0
  SNOW DEPTH      11

DEGREE DAYS
 HEATING
  YESTERDAY       41                        35      6       39
  MONTH TO DATE 1293                      1150    143     1437
  SINCE MAR 1   1293                      1150    143     1437
  SINCE JUL 1   8034                      7871    163     8091

 COOLING
  YESTERDAY        0                         0      0        0
  MONTH TO DATE    0                         0      0        0
  SINCE MAR 1      0                         0      0        0
  SINCE JAN 1      0                         0      0        0
..................................................................


WIND (MPH)
  HIGHEST WIND SPEED    23   HIGHEST WIND DIRECTION    NW (330)
  HIGHEST GUST SPEED    26   HIGHEST GUST DIRECTION    NW (330)
  AVERAGE WIND SPEED    10.7


SKY COVER
  POSSIBLE SUNSHINE  MM
  AVERAGE SKY COVER 0.2


WEATHER CONDITIONS
 THE FOLLOWING WEATHER WAS RECORDED YESTERDAY.
  NO SIGNIFICANT WEATHER WAS OBSERVED.


RELATIVE HUMIDITY (PERCENT)
 HIGHEST    74           300 AM
 LOWEST     36           800 PM
 AVERAGE    55

..........................................................


THE CARIBOU ME CLIMATE NORMALS FOR TODAY
                         NORMAL    RECORD    YEAR
 MAXIMUM TEMPERATURE (F)   39        58      1986
                                             1945
 MINIMUM TEMPERATURE (F)   21        -3      1974


SUNRISE AND SUNSET
MARCH 29 2015.........SUNRISE   618 AM EDT   SUNSET   657 PM EDT
MARCH 30 2015.........SUNRISE   616 AM EDT   SUNSET   658 PM EDT


-  INDICATES NEGATIVE NUMBERS.
R  INDICATES RECORD WAS SET OR TIED.
MM INDICATES DATA IS MISSING.
T  INDICATES TRACE AMOUNT.




$$
