000
CDUS41 KCAR 252030
CLICAR


CLIMATE REPORT
NATIONAL WEATHER SERVICE CARIBOU, ME
429 PM EDT SAT APR 25 2015


...................................

...THE CARIBOU ME CLIMATE SUMMARY FOR APRIL 25 2015...
VALID TODAY AS OF 0400 PM LOCAL TIME.

CLIMATE NORMAL PERIOD 1981 TO 2010
CLIMATE RECORD PERIOD 1939 TO 2015


WEATHER ITEM   OBSERVED TIME   RECORD YEAR NORMAL DEPARTURE LAST
                VALUE   (LST)  VALUE       VALUE  FROM      YEAR
                                                  NORMAL
..................................................................
TEMPERATURE (F)
 TODAY
  MAXIMUM         46    234 PM  77    2009  53     -7       45
  MINIMUM         33    630 AM  17    2004  34     -1       29
  AVERAGE         40                        43     -3       37

PRECIPITATION (IN)
  TODAY            T             0.67 2005   0.09  -0.09     0.00
  MONTH TO DATE    2.18                      2.21  -0.03     4.37
  SINCE MAR 1      3.83                      4.72  -0.89     7.81
  SINCE JAN 1      7.93                      9.64  -1.71    14.03

SNOWFALL (IN)
  TODAY            T             2.3  1944   0.1   -0.1      0.0
  MONTH TO DATE    8.6                       7.0    1.6      9.2
  SINCE MAR 1     33.5                      25.3    8.2     51.3
  SINCE JUL 1    141.8                     107.8   34.0    150.7
  SNOW DEPTH       T

DEGREE DAYS
 HEATING
  TODAY           25                        22      3       28
  MONTH TO DATE  740                       694     46      711
  SINCE MAR 1   2142                      1948    194     2251
  SINCE JUL 1   8883                      8669    214     8905

 COOLING
  TODAY            0                         0      0        0
  MONTH TO DATE    0                         0      0        0
  SINCE MAR 1      0                         0      0        0
  SINCE JAN 1      0                         0      0        0
..................................................................


WIND (MPH)
  HIGHEST WIND SPEED    10   HIGHEST WIND DIRECTION     N (10)
  HIGHEST GUST SPEED    13   HIGHEST GUST DIRECTION     N (10)
  AVERAGE WIND SPEED     6.0


SKY COVER
  POSSIBLE SUNSHINE  MM
  AVERAGE SKY COVER 0.9


WEATHER CONDITIONS
 THE FOLLOWING WEATHER WAS RECORDED TODAY.
  LIGHT SNOW
  FOG


RELATIVE HUMIDITY (PERCENT)
 HIGHEST    89           100 AM
 LOWEST     58           300 PM
 AVERAGE    74

..........................................................


THE CARIBOU ME CLIMATE NORMALS FOR TOMORROW
                         NORMAL    RECORD    YEAR
 MAXIMUM TEMPERATURE (F)   54        74      1979
 MINIMUM TEMPERATURE (F)   34        20      1966


SUNRISE AND SUNSET
APRIL 25 2015.........SUNRISE   527 AM EDT   SUNSET   734 PM EDT
APRIL 26 2015.........SUNRISE   526 AM EDT   SUNSET   735 PM EDT


-  INDICATES NEGATIVE NUMBERS.
R  INDICATES RECORD WAS SET OR TIED.
MM INDICATES DATA IS MISSING.
T  INDICATES TRACE AMOUNT.




$$
