000
CDUS41 KCAR 182033
CLICAR


CLIMATE REPORT
NATIONAL WEATHER SERVICE CARIBOU, ME
433 PM EDT SAT APR 18 2015


...................................

...THE CARIBOU ME CLIMATE SUMMARY FOR APRIL 18 2015...
VALID TODAY AS OF 0400 PM LOCAL TIME.

CLIMATE NORMAL PERIOD 1981 TO 2010
CLIMATE RECORD PERIOD 1939 TO 2015


WEATHER ITEM   OBSERVED TIME   RECORD YEAR NORMAL DEPARTURE LAST
                VALUE   (LST)  VALUE       VALUE  FROM      YEAR
                                                  NORMAL
..................................................................
TEMPERATURE (F)
 TODAY
  MAXIMUM         50    231 PM  63    1987  49      1       46
                                      1958
                                      1945
  MINIMUM         31    523 AM   9    2003  31      0       26
  AVERAGE         41                        40      1       36

PRECIPITATION (IN)
  TODAY            0.00          0.81 1954   0.09  -0.09     0.00
  MONTH TO DATE    1.24                      1.60  -0.36     2.45
  SINCE MAR 1      2.89                      4.11  -1.22     5.89
  SINCE JAN 1      6.99                      9.03  -2.04    12.11

SNOWFALL (IN)
  TODAY            0.0           6.4  1953   0.2   -0.2      0.0
  MONTH TO DATE    8.5                       5.8    2.7      5.9
  SINCE MAR 1     33.4                      24.1    9.3     48.0
  SINCE JUL 1    141.7                     106.6   35.1    147.4
  SNOW DEPTH       T

DEGREE DAYS
 HEATING
  TODAY           24                        25     -1       29
  MONTH TO DATE  568                       531     37      534
  SINCE MAR 1   1970                      1785    185     2074
  SINCE JUL 1   8711                      8506    205     8728

 COOLING
  TODAY            0                         0      0        0
  MONTH TO DATE    0                         0      0        0
  SINCE MAR 1      0                         0      0        0
  SINCE JAN 1      0                         0      0        0
..................................................................


WIND (MPH)
  HIGHEST WIND SPEED    12   HIGHEST WIND DIRECTION     N (360)
  HIGHEST GUST SPEED    16   HIGHEST GUST DIRECTION    NW (320)
  AVERAGE WIND SPEED     5.3


SKY COVER
  POSSIBLE SUNSHINE  MM
  AVERAGE SKY COVER 0.2


WEATHER CONDITIONS
 THE FOLLOWING WEATHER WAS RECORDED TODAY.
  NO SIGNIFICANT WEATHER WAS OBSERVED.


RELATIVE HUMIDITY (PERCENT)
 HIGHEST    78           400 AM
 LOWEST     31           300 PM
 AVERAGE    55

..........................................................


THE CARIBOU ME CLIMATE NORMALS FOR TOMORROW
                         NORMAL    RECORD    YEAR
 MAXIMUM TEMPERATURE (F)   50        72      1987
 MINIMUM TEMPERATURE (F)   31        17      1961


SUNRISE AND SUNSET
APRIL 18 2015.........SUNRISE   540 AM EDT   SUNSET   724 PM EDT
APRIL 19 2015.........SUNRISE   538 AM EDT   SUNSET   726 PM EDT


-  INDICATES NEGATIVE NUMBERS.
R  INDICATES RECORD WAS SET OR TIED.
MM INDICATES DATA IS MISSING.
T  INDICATES TRACE AMOUNT.




$$
