000
CDUS41 KCAR 020526
CLICAR


CLIMATE REPORT
NATIONAL WEATHER SERVICE CARIBOU, ME
126 AM EDT SAT MAY 2 2015


...................................

...THE CARIBOU ME CLIMATE SUMMARY FOR MAY 1 2015...

CLIMATE NORMAL PERIOD 1981 TO 2010
CLIMATE RECORD PERIOD 1939 TO 2015


WEATHER ITEM   OBSERVED TIME   RECORD YEAR NORMAL DEPARTURE LAST
                VALUE   (LST)  VALUE       VALUE  FROM      YEAR
                                                  NORMAL
..................................................................
TEMPERATURE (F)
 YESTERDAY
  MAXIMUM         58    457 PM  83    2004  56      2       44
  MINIMUM         34    446 AM  24    1978  36     -2       38
                                      1974
  AVERAGE         46                        46      0       41

PRECIPITATION (IN)
  YESTERDAY        0.00          0.91 1974   0.09  -0.09     0.36
  MONTH TO DATE    0.00                      0.09  -0.09     0.36
  SINCE MAR 1      4.00                      5.26  -1.26     8.17
  SINCE JAN 1      8.10                     10.18  -2.08    14.39

SNOWFALL (IN)
  YESTERDAY        0.0           1.0  1982   0.0    0.0      0.0
  MONTH TO DATE    0.0                       0.0    0.0      0.0
  SINCE MAR 1     33.5                      25.7    7.8     51.3
  SINCE JUL 1    141.8                     108.2   33.6    150.7
  SNOW DEPTH       0

DEGREE DAYS
 HEATING
  YESTERDAY       19                        19      0       24
  MONTH TO DATE   19                        19      0       24
  SINCE MAR 1   2266                      2064    202     2392
  SINCE JUL 1   9007                      8785    222     9046

 COOLING
  YESTERDAY        0                         0      0        0
  MONTH TO DATE    0                         0      0        0
  SINCE MAR 1      0                         0      0        0
  SINCE JAN 1      0                         0      0        0
..................................................................


WIND (MPH)
  HIGHEST WIND SPEED    13   HIGHEST WIND DIRECTION     S (160)
  HIGHEST GUST SPEED    17   HIGHEST GUST DIRECTION     S (180)
  AVERAGE WIND SPEED     3.9


SKY COVER
  POSSIBLE SUNSHINE  MM
  AVERAGE SKY COVER 0.2


WEATHER CONDITIONS
 THE FOLLOWING WEATHER WAS RECORDED YESTERDAY.
  NO SIGNIFICANT WEATHER WAS OBSERVED.


RELATIVE HUMIDITY (PERCENT)
 HIGHEST    82           400 AM
 LOWEST     35           600 PM
 AVERAGE    59

..........................................................


THE CARIBOU ME CLIMATE NORMALS FOR TODAY
                         NORMAL    RECORD    YEAR
 MAXIMUM TEMPERATURE (F)   57        83      2001
 MINIMUM TEMPERATURE (F)   36        18      1974


SUNRISE AND SUNSET
MAY  2 2015...........SUNRISE   516 AM EDT   SUNSET   743 PM EDT
MAY  3 2015...........SUNRISE   514 AM EDT   SUNSET   745 PM EDT


-  INDICATES NEGATIVE NUMBERS.
R  INDICATES RECORD WAS SET OR TIED.
MM INDICATES DATA IS MISSING.
T  INDICATES TRACE AMOUNT.
--------------------------------------------------------------------------------------

THE CARIBOU ME 4 INCH SOIL TEMPERATURES FOR MAY 01 2015

MAXIMUM SOIL TEMPERATURE (F) 47
MINIMUM SOIL TEMPERATURE (F) 42


$$

CB
