000
CDUS41 KCAR 112028
CLICAR

CLIMATE REPORT
NATIONAL WEATHER SERVICE CARIBOU, ME
426 PM EDT SAT APR 11 2015


...................................

...THE CARIBOU ME CLIMATE SUMMARY FOR APRIL 11 2015...
VALID TODAY AS OF 0400 PM LOCAL TIME.

CLIMATE NORMAL PERIOD 1981 TO 2010
CLIMATE RECORD PERIOD 1939 TO 2015


WEATHER ITEM   OBSERVED TIME   RECORD YEAR NORMAL DEPARTURE LAST
                VALUE   (LST)  VALUE       VALUE  FROM      YEAR
                                                  NORMAL
..................................................................
TEMPERATURE (F)
 TODAY
  MAXIMUM         43    152 AM  78    1945  45     -2       54
  MINIMUM         38   1208 AM   8    1977  28     10       31
  AVERAGE         41                        36      5       43

PRECIPITATION (IN)
  TODAY            T             0.83 1961   0.10  -0.10     0.01
  MONTH TO DATE    1.13                      0.96   0.17     1.10
  SINCE MAR 1      2.78                      3.47  -0.69     4.54
  SINCE JAN 1      6.88                      8.39  -1.51    10.76

SNOWFALL (IN)      0.0           7.2  1961   0.3   -0.3      0.0
  MONTH TO DATE    8.5                       3.9    4.6      3.5
  SINCE MAR 1     33.4                      22.2   11.2     45.6
  SINCE JUL 1    141.7                     104.7   37.0    145.0
  SNOW DEPTH       6

DEGREE DAYS
 HEATING
  TODAY           24                        29     -5       22
  MONTH TO DATE  413                       344     69      332
  SINCE MAR 1   1815                      1598    217     1872
  SINCE JUL 1   8556                      8319    237     8526

 COOLING
  TODAY            0                         0      0        0
  MONTH TO DATE    0                         0      0        0
  SINCE MAR 1      0                         0      0        0
  SINCE JAN 1      0                         0      0        0
..................................................................


WIND (MPH)
  HIGHEST WIND SPEED    28   HIGHEST WIND DIRECTION    NW (300)
  HIGHEST GUST SPEED    42   HIGHEST GUST DIRECTION    NW (300)
  AVERAGE WIND SPEED    14.7


SKY COVER
  POSSIBLE SUNSHINE  MM
  AVERAGE SKY COVER 1.0


WEATHER CONDITIONS
 THE FOLLOWING WEATHER WAS RECORDED TODAY.
  LIGHT RAIN


RELATIVE HUMIDITY (PERCENT)
 HIGHEST   100          1200 AM
 LOWEST     53          1100 AM
 AVERAGE    77

..........................................................


THE CARIBOU ME CLIMATE NORMALS FOR TOMORROW
                         NORMAL    RECORD    YEAR
 MAXIMUM TEMPERATURE (F)   46        76      1945
 MINIMUM TEMPERATURE (F)   28        12      1976


SUNRISE AND SUNSET
APRIL 11 2015.........SUNRISE   553 AM EDT   SUNSET   715 PM EDT
APRIL 12 2015.........SUNRISE   551 AM EDT   SUNSET   716 PM EDT


-  INDICATES NEGATIVE NUMBERS.
R  INDICATES RECORD WAS SET OR TIED.
MM INDICATES DATA IS MISSING.
T  INDICATES TRACE AMOUNT.




$$
