000
CDUS41 KCAR 010914
CLICAR

CLIMATE REPORT
NATIONAL WEATHER SERVICE CARIBOU, ME
126 AM EDT FRI MAY 1 2015


...................................

...THE CARIBOU ME CLIMATE SUMMARY FOR APRIL 30 2015...

CLIMATE NORMAL PERIOD 1981 TO 2010
CLIMATE RECORD PERIOD 1939 TO 2015


WEATHER ITEM   OBSERVED TIME   RECORD YEAR NORMAL DEPARTURE LAST
                VALUE   (LST)  VALUE       VALUE  FROM      YEAR
                                                  NORMAL
..................................................................
TEMPERATURE (F)
 YESTERDAY
  MAXIMUM         52   1258 PM  82    2004  56     -4       55
  MINIMUM         37   1159 PM  23    1943  36      1       28
  AVERAGE         45                        46     -1       42

PRECIPITATION (IN)
  YESTERDAY        T             0.63 1947   0.09  -0.09     0.00
  MONTH TO DATE    2.35                      2.66  -0.31     4.37
  SINCE MAR 1      4.00                      5.17  -1.17     7.81
  SINCE JAN 1      8.10                     10.09  -1.99    14.03

SNOWFALL (IN)
  YESTERDAY        0.0           2.0  1943   0.1   -0.1      0.0
  MONTH TO DATE    8.6                       7.4    1.2      9.2
  SINCE MAR 1     33.5                      25.7    7.8     51.3
  SINCE JUL 1    141.8                     108.2   33.6    150.7
  SNOW DEPTH       0

DEGREE DAYS
 HEATING
  YESTERDAY       20                        19      1       23
  MONTH TO DATE  845                       795     50      828
  SINCE MAR 1   2247                      2045    202     2368
  SINCE JUL 1   8988                      8766    222     9022

 COOLING
  YESTERDAY        0                         0      0        0
  MONTH TO DATE    0                         0      0        0
  SINCE MAR 1      0                         0      0        0
  SINCE JAN 1      0                         0      0        0
..................................................................


WIND (MPH)
  HIGHEST WIND SPEED    17   HIGHEST WIND DIRECTION    NE (40)
  HIGHEST GUST SPEED    22   HIGHEST GUST DIRECTION     E (70)
  AVERAGE WIND SPEED     8.9


SKY COVER
  POSSIBLE SUNSHINE  MM
  AVERAGE SKY COVER 1.0


WEATHER CONDITIONS
 THE FOLLOWING WEATHER WAS RECORDED YESTERDAY.
  LIGHT RAIN


RELATIVE HUMIDITY (PERCENT)
 HIGHEST    76           100 AM
 LOWEST     52           300 PM
 AVERAGE    64

..........................................................


THE CARIBOU ME CLIMATE NORMALS FOR TODAY
                         NORMAL    RECORD    YEAR
 MAXIMUM TEMPERATURE (F)   56        83      2004
 MINIMUM TEMPERATURE (F)   36        24      1978
                                             1974


SUNRISE AND SUNSET
MAY  1 2015...........SUNRISE   517 AM EDT   SUNSET   742 PM EDT
MAY  2 2015...........SUNRISE   516 AM EDT   SUNSET   743 PM EDT


-  INDICATES NEGATIVE NUMBERS.
R  INDICATES RECORD WAS SET OR TIED.
MM INDICATES DATA IS MISSING.
T  INDICATES TRACE AMOUNT.

THE CARIBOU ME 4 INCH SOIL TEMPERATURES FOR APR 30 2015

MAXIMUM SOIL TEMPERATURE (F) 42
MINIMUM SOIL TEMPERATURE (F) 40

$$

CB
