000
CDUS41 KCAR 250529
CLICAR


CLIMATE REPORT
NATIONAL WEATHER SERVICE CARIBOU, ME
127 AM EDT WED MAR 25 2015


...................................

...THE CARIBOU ME CLIMATE SUMMARY FOR MARCH 24 2015...

CLIMATE NORMAL PERIOD 1981 TO 2010
CLIMATE RECORD PERIOD 1939 TO 2015


WEATHER ITEM   OBSERVED TIME   RECORD YEAR NORMAL DEPARTURE LAST
                VALUE   (LST)  VALUE       VALUE  FROM      YEAR
                                                  NORMAL
..................................................................
TEMPERATURE (F)
 YESTERDAY
  MAXIMUM         35    339 PM  62    1987  37     -2       15
  MINIMUM          7    541 AM -14    2008  19    -12       -4
  AVERAGE         21                        28     -7        6

PRECIPITATION (IN)
  YESTERDAY        0.00          0.41 1991   0.08  -0.08     0.00
  MONTH TO DATE    1.57                      1.94  -0.37     2.66
  SINCE MAR 1      1.57                      1.94  -0.37     2.66
  SINCE JAN 1      5.67                      6.86  -1.19     8.88

SNOWFALL (IN)
  YESTERDAY        0.0           4.0  1991   0.5   -0.5      0.0
  MONTH TO DATE   23.3                      15.2    8.1     36.0
  SINCE MAR 1     23.3                      15.2    8.1     36.0
  SINCE JUL 1    131.6                      97.7   33.9    135.4
  SNOW DEPTH      18

DEGREE DAYS
 HEATING
  YESTERDAY       44                        37      7       59
  MONTH TO DATE 1150                      1006    144     1249
  SINCE MAR 1   1150                      1006    144     1249
  SINCE JUL 1   7891                      7727    164     7903

 COOLING
  YESTERDAY        0                         0      0        0
  MONTH TO DATE    0                         0      0        0
  SINCE MAR 1      0                         0      0        0
  SINCE JAN 1      0                         0      0        0
..................................................................


WIND (MPH)
  HIGHEST WIND SPEED    14   HIGHEST WIND DIRECTION    NW (330)
  HIGHEST GUST SPEED    16   HIGHEST GUST DIRECTION     N (340)
  AVERAGE WIND SPEED     3.8


SKY COVER
  POSSIBLE SUNSHINE  MM
  AVERAGE SKY COVER 0.0


WEATHER CONDITIONS
 THE FOLLOWING WEATHER WAS RECORDED YESTERDAY.
  NO SIGNIFICANT WEATHER WAS OBSERVED.


RELATIVE HUMIDITY (PERCENT)
 HIGHEST    80           500 AM
 LOWEST     25           700 PM
 AVERAGE    53

..........................................................


THE CARIBOU ME CLIMATE NORMALS FOR TODAY
                         NORMAL    RECORD    YEAR
 MAXIMUM TEMPERATURE (F)   37        64      1987
 MINIMUM TEMPERATURE (F)   19       -14      2008


SUNRISE AND SUNSET
MARCH 25 2015.........SUNRISE   626 AM EDT   SUNSET   651 PM EDT
MARCH 26 2015.........SUNRISE   624 AM EDT   SUNSET   653 PM EDT


-  INDICATES NEGATIVE NUMBERS.
R  INDICATES RECORD WAS SET OR TIED.
MM INDICATES DATA IS MISSING.
T  INDICATES TRACE AMOUNT.




$$
