000
CDUS41 KCAR 180526
CLICAR


CLIMATE REPORT
NATIONAL WEATHER SERVICE CARIBOU, ME
125 AM EDT SAT APR 18 2015


...................................

...THE CARIBOU ME CLIMATE SUMMARY FOR APRIL 17 2015...

CLIMATE NORMAL PERIOD 1981 TO 2010
CLIMATE RECORD PERIOD 1939 TO 2015


WEATHER ITEM   OBSERVED TIME   RECORD YEAR NORMAL DEPARTURE LAST
                VALUE   (LST)  VALUE       VALUE  FROM      YEAR
                                                  NORMAL
..................................................................
TEMPERATURE (F)
 YESTERDAY
  MAXIMUM         64    235 PM  76    2012  49     15       39
  MINIMUM         35   1149 PM   5    2003  30      5       14
  AVERAGE         50                        40     10       27

PRECIPITATION (IN)
  YESTERDAY        0.06          1.35 1954   0.09  -0.03     0.00
  MONTH TO DATE    1.24                      1.51  -0.27     2.45
  SINCE MAR 1      2.89                      4.02  -1.13     5.89
  SINCE JAN 1      6.99                      8.94  -1.95    12.11

SNOWFALL (IN)
  YESTERDAY       MM             4.8  1953   0.3   MM        0.0
  MONTH TO DATE    8.5                       5.6    2.9      5.9
  SINCE MAR 1     33.4                      23.9    9.5     48.0
  SINCE JUL 1    141.7                     106.4   35.3    147.4
  SNOW DEPTH       T

DEGREE DAYS
 HEATING
  YESTERDAY       15                        26    -11       38
  MONTH TO DATE  544                       506     38      505
  SINCE MAR 1   1946                      1760    186     2045
  SINCE JUL 1   8687                      8481    206     8699

 COOLING
  YESTERDAY        0                         0      0        0
  MONTH TO DATE    0                         0      0        0
  SINCE MAR 1      0                         0      0        0
  SINCE JAN 1      0                         0      0        0
..................................................................


WIND (MPH)
  HIGHEST WIND SPEED    22   HIGHEST WIND DIRECTION    NW (330)
  HIGHEST GUST SPEED    27   HIGHEST GUST DIRECTION    NW (330)
  AVERAGE WIND SPEED     8.8


SKY COVER
  POSSIBLE SUNSHINE  MM
  AVERAGE SKY COVER 0.5


WEATHER CONDITIONS
 THE FOLLOWING WEATHER WAS RECORDED YESTERDAY.
  LIGHT RAIN


RELATIVE HUMIDITY (PERCENT)
 HIGHEST    86           900 AM
 LOWEST     30           300 PM
 AVERAGE    58

..........................................................


THE CARIBOU ME CLIMATE NORMALS FOR TODAY
                         NORMAL    RECORD    YEAR
 MAXIMUM TEMPERATURE (F)   49        63      1987
                                             1958
                                             1945
 MINIMUM TEMPERATURE (F)   31         9      2003


SUNRISE AND SUNSET
APRIL 18 2015.........SUNRISE   540 AM EDT   SUNSET   724 PM EDT
APRIL 19 2015.........SUNRISE   538 AM EDT   SUNSET   726 PM EDT


-  INDICATES NEGATIVE NUMBERS.
R  INDICATES RECORD WAS SET OR TIED.
MM INDICATES DATA IS MISSING.
T  INDICATES TRACE AMOUNT.




$$
