000
CDUS41 KCAR 170529
CLICAR


CLIMATE REPORT
NATIONAL WEATHER SERVICE CARIBOU, ME
128 AM EDT FRI APR 17 2015


...................................

...THE CARIBOU ME CLIMATE SUMMARY FOR APRIL 16 2015...

CLIMATE NORMAL PERIOD 1981 TO 2010
CLIMATE RECORD PERIOD 1939 TO 2015


WEATHER ITEM   OBSERVED TIME   RECORD YEAR NORMAL DEPARTURE LAST
                VALUE   (LST)  VALUE       VALUE  FROM      YEAR
                                                  NORMAL
..................................................................
TEMPERATURE (F)
 YESTERDAY
  MAXIMUM         52    528 PM  76    2012  48      4       39
  MINIMUM         26    509 AM  11    2003  30     -4       18
                                      1981
  AVERAGE         39                        39      0       29

PRECIPITATION (IN)
  YESTERDAY        0.00          0.54 1988   0.09  -0.09     0.33
  MONTH TO DATE    1.18                      1.42  -0.24     2.45
  SINCE MAR 1      2.83                      3.93  -1.10     5.89
  SINCE JAN 1      6.93                      8.85  -1.92    12.11

SNOWFALL (IN)
  YESTERDAY        0.0           5.2  1947   0.2   -0.2      0.5
  MONTH TO DATE    8.5                       5.3    3.2      5.9
  SINCE MAR 1     33.4                      23.6    9.8     48.0
  SINCE JUL 1    141.7                     106.1   35.6    147.4
  SNOW DEPTH       T

DEGREE DAYS
 HEATING
  YESTERDAY       26                        26      0       36
  MONTH TO DATE  529                       480     49      467
  SINCE MAR 1   1931                      1734    197     2007
  SINCE JUL 1   8672                      8455    217     8661

 COOLING
  YESTERDAY        0                         0      0        0
  MONTH TO DATE    0                         0      0        0
  SINCE MAR 1      0                         0      0        0
  SINCE JAN 1      0                         0      0        0
..................................................................


WIND (MPH)
  HIGHEST WIND SPEED    14   HIGHEST WIND DIRECTION    SW (210)
  HIGHEST GUST SPEED    19   HIGHEST GUST DIRECTION     S (190)
  AVERAGE WIND SPEED     8.0


SKY COVER
  POSSIBLE SUNSHINE  MM
  AVERAGE SKY COVER 0.0


WEATHER CONDITIONS
 THE FOLLOWING WEATHER WAS RECORDED YESTERDAY.
  NO SIGNIFICANT WEATHER WAS OBSERVED.


RELATIVE HUMIDITY (PERCENT)
 HIGHEST    55           500 AM
 LOWEST     24           200 PM
 AVERAGE    40

..........................................................


THE CARIBOU ME CLIMATE NORMALS FOR TODAY
                         NORMAL    RECORD    YEAR
 MAXIMUM TEMPERATURE (F)   49        76      2012
 MINIMUM TEMPERATURE (F)   30         5      2003


SUNRISE AND SUNSET
APRIL 17 2015.........SUNRISE   541 AM EDT   SUNSET   723 PM EDT
APRIL 18 2015.........SUNRISE   540 AM EDT   SUNSET   724 PM EDT


-  INDICATES NEGATIVE NUMBERS.
R  INDICATES RECORD WAS SET OR TIED.
MM INDICATES DATA IS MISSING.
T  INDICATES TRACE AMOUNT.




$$
