000
CDUS41 KCAR 142030
CLICAR


CLIMATE REPORT
NATIONAL WEATHER SERVICE CARIBOU, ME
430 PM EDT TUE APR 14 2015


...................................

...THE CARIBOU ME CLIMATE SUMMARY FOR APRIL 14 2015...
VALID TODAY AS OF 0400 PM LOCAL TIME.

CLIMATE NORMAL PERIOD 1981 TO 2010
CLIMATE RECORD PERIOD 1939 TO 2015


WEATHER ITEM   OBSERVED TIME   RECORD YEAR NORMAL DEPARTURE LAST
                VALUE   (LST)  VALUE       VALUE  FROM      YEAR
                                                  NORMAL
..................................................................
TEMPERATURE (F)
 TODAY
  MAXIMUM         55    139 PM  67    1968  47      8       58
  MINIMUM         42    550 AM   8    1985  29     13       35
  AVERAGE         49                        38     11       47

PRECIPITATION (IN)
  TODAY            0.05          0.65 1952   0.09  -0.04     0.05
  MONTH TO DATE    1.18                      1.23  -0.05     1.68
  SINCE MAR 1      2.83                      3.74  -0.91     5.12
  SINCE JAN 1      6.93                      8.66  -1.73    11.34

SNOWFALL (IN)
  TODAY            0.0           2.9  1961   0.3   -0.3      0.0
  MONTH TO DATE    8.5                       4.8    3.7      5.4
  SINCE MAR 1     33.4                      23.1   10.3     47.5
  SINCE JUL 1    141.7                     105.6   36.1    146.9
  SNOW DEPTH       3

DEGREE DAYS
 HEATING
  TODAY           16                        27    -11       18
  MONTH TO DATE  472                       427     45      412
  SINCE MAR 1   1874                      1681    193     1952
  SINCE JUL 1   8615                      8402    213     8606

 COOLING
  TODAY            0                         0      0        0
  MONTH TO DATE    0                         0      0        0
  SINCE MAR 1      0                         0      0        0
  SINCE JAN 1      0                         0      0        0
..................................................................


WIND (MPH)
  HIGHEST WIND SPEED    24   HIGHEST WIND DIRECTION     W (260)
  HIGHEST GUST SPEED    36   HIGHEST GUST DIRECTION     W (290)
  AVERAGE WIND SPEED    12.7


SKY COVER
  POSSIBLE SUNSHINE  MM
  AVERAGE SKY COVER 0.5


WEATHER CONDITIONS
 THE FOLLOWING WEATHER WAS RECORDED TODAY.
  LIGHT RAIN


RELATIVE HUMIDITY (PERCENT)
 HIGHEST    89           600 AM
 LOWEST     26           200 PM
 AVERAGE    58

..........................................................


THE CARIBOU ME CLIMATE NORMALS FOR TOMORROW
                         NORMAL    RECORD    YEAR
 MAXIMUM TEMPERATURE (F)   47        65      2012
                                             1994
                                             1987
 MINIMUM TEMPERATURE (F)   30        13      1981


SUNRISE AND SUNSET
APRIL 14 2015.........SUNRISE   547 AM EDT   SUNSET   719 PM EDT
APRIL 15 2015.........SUNRISE   545 AM EDT   SUNSET   720 PM EDT


-  INDICATES NEGATIVE NUMBERS.
R  INDICATES RECORD WAS SET OR TIED.
MM INDICATES DATA IS MISSING.
T  INDICATES TRACE AMOUNT.




$$
