000
CDUS41 KCAR 140530
CLICAR


CLIMATE REPORT
NATIONAL WEATHER SERVICE CARIBOU, ME
130 AM EDT TUE APR 14 2015


...................................

...THE CARIBOU ME CLIMATE SUMMARY FOR APRIL 13 2015...

CLIMATE NORMAL PERIOD 1981 TO 2010
CLIMATE RECORD PERIOD 1939 TO 2015


WEATHER ITEM   OBSERVED TIME   RECORD YEAR NORMAL DEPARTURE LAST
                VALUE   (LST)  VALUE       VALUE  FROM      YEAR
                                                  NORMAL
..................................................................
TEMPERATURE (F)
 YESTERDAY
  MAXIMUM         65    401 PM  78    1945  46     19       36
  MINIMUM         30    457 AM  10    1992  29      1       22
  AVERAGE         48                        38     10       29

PRECIPITATION (IN)
  YESTERDAY        0.00          1.93 1940   0.09  -0.09     0.53
  MONTH TO DATE    1.13                      1.14  -0.01     1.63
  SINCE MAR 1      2.78                      3.65  -0.87     5.07
  SINCE JAN 1      6.88                      8.57  -1.69    11.29

SNOWFALL (IN)
  YESTERDAY        0.0          10.3  2007   0.3   -0.3      1.9
  MONTH TO DATE    8.5                       4.5    4.0      5.4
  SINCE MAR 1     33.4                      22.8   10.6     47.5
  SINCE JUL 1    141.7                     105.3   36.4    146.9
  SNOW DEPTH       4

DEGREE DAYS
 HEATING
  YESTERDAY       17                        28    -11       36
  MONTH TO DATE  456                       400     56      394
  SINCE MAR 1   1858                      1654    204     1934
  SINCE JUL 1   8599                      8375    224     8588

 COOLING
  YESTERDAY        0                         0      0        0
  MONTH TO DATE    0                         0      0        0
  SINCE MAR 1      0                         0      0        0
  SINCE JAN 1      0                         0      0        0
..................................................................


WIND (MPH)
  HIGHEST WIND SPEED    16   HIGHEST WIND DIRECTION     S (160)
  HIGHEST GUST SPEED    22   HIGHEST GUST DIRECTION     S (170)
  AVERAGE WIND SPEED     7.1


SKY COVER
  POSSIBLE SUNSHINE  MM
  AVERAGE SKY COVER 0.0


WEATHER CONDITIONS
 THE FOLLOWING WEATHER WAS RECORDED YESTERDAY.
  NO SIGNIFICANT WEATHER WAS OBSERVED.


RELATIVE HUMIDITY (PERCENT)
 HIGHEST    78           400 AM
 LOWEST     24           300 PM
 AVERAGE    51

..........................................................


THE CARIBOU ME CLIMATE NORMALS FOR TODAY
                         NORMAL    RECORD    YEAR
 MAXIMUM TEMPERATURE (F)   47        67      1968
 MINIMUM TEMPERATURE (F)   29         8      1985


SUNRISE AND SUNSET
APRIL 14 2015.........SUNRISE   547 AM EDT   SUNSET   719 PM EDT
APRIL 15 2015.........SUNRISE   545 AM EDT   SUNSET   720 PM EDT


-  INDICATES NEGATIVE NUMBERS.
R  INDICATES RECORD WAS SET OR TIED.
MM INDICATES DATA IS MISSING.
T  INDICATES TRACE AMOUNT.




$$
