000
CDUS41 KCAR 130532
CLICAR


CLIMATE REPORT
NATIONAL WEATHER SERVICE CARIBOU, ME
129 AM EDT MON APR 13 2015


...................................

...THE CARIBOU ME CLIMATE SUMMARY FOR APRIL 12 2015...

CLIMATE NORMAL PERIOD 1981 TO 2010
CLIMATE RECORD PERIOD 1939 TO 2015


WEATHER ITEM   OBSERVED TIME   RECORD YEAR NORMAL DEPARTURE LAST
                VALUE   (LST)  VALUE       VALUE  FROM      YEAR
                                                  NORMAL
..................................................................
TEMPERATURE (F)
 YESTERDAY
  MAXIMUM         53    525 PM  76    1945  46      7       52
  MINIMUM         31    450 AM  12    1976  28      3       26
  AVERAGE         42                        37      5       39

PRECIPITATION (IN)
  YESTERDAY        0.00          0.62 1940   0.09  -0.09      T
  MONTH TO DATE    1.13                      1.05   0.08     1.10
  SINCE MAR 1      2.78                      3.56  -0.78     4.54
  SINCE JAN 1      6.88                      8.48  -1.60    10.76

SNOWFALL (IN)
  YESTERDAY        0.0           4.6  2000   0.3   -0.3      0.0
  MONTH TO DATE    8.5                       4.2    4.3      3.5
  SINCE MAR 1     33.4                      22.5   10.9     45.6
  SINCE JUL 1    141.7                     105.0   36.7    145.0
  SNOW DEPTH       5

DEGREE DAYS
 HEATING
  YESTERDAY       23                        28     -5       26
  MONTH TO DATE  439                       372     67      358
  SINCE MAR 1   1841                      1626    215     1898
  SINCE JUL 1   8582                      8347    235     8552

 COOLING
  YESTERDAY        0                         0      0        0
  MONTH TO DATE    0                         0      0        0
  SINCE MAR 1      0                         0      0        0
  SINCE JAN 1      0                         0      0        0
..................................................................


WIND (MPH)
  HIGHEST WIND SPEED    18   HIGHEST WIND DIRECTION    NW (330)
  HIGHEST GUST SPEED    21   HIGHEST GUST DIRECTION    NW (310)
  AVERAGE WIND SPEED     4.7


SKY COVER
  POSSIBLE SUNSHINE  MM
  AVERAGE SKY COVER 0.3


WEATHER CONDITIONS
 THE FOLLOWING WEATHER WAS RECORDED YESTERDAY.
  NO SIGNIFICANT WEATHER WAS OBSERVED.


RELATIVE HUMIDITY (PERCENT)
 HIGHEST    70          1100 PM
 LOWEST     35           300 PM
 AVERAGE    53

..........................................................


THE CARIBOU ME CLIMATE NORMALS FOR TODAY
                         NORMAL    RECORD    YEAR
 MAXIMUM TEMPERATURE (F)   46        78      1945
 MINIMUM TEMPERATURE (F)   29        10      1992


SUNRISE AND SUNSET
APRIL 13 2015.........SUNRISE   549 AM EDT   SUNSET   717 PM EDT
APRIL 14 2015.........SUNRISE   547 AM EDT   SUNSET   719 PM EDT


-  INDICATES NEGATIVE NUMBERS.
R  INDICATES RECORD WAS SET OR TIED.
MM INDICATES DATA IS MISSING.
T  INDICATES TRACE AMOUNT.




$$
