000
CDUS41 KCAR 092028
CLICAR


CLIMATE REPORT
NATIONAL WEATHER SERVICE CARIBOU, ME
428 PM EDT THU APR 9 2015


...................................

...THE CARIBOU ME CLIMATE SUMMARY FOR APRIL 9 2015...
VALID TODAY AS OF 0400 PM LOCAL TIME.

CLIMATE NORMAL PERIOD 1981 TO 2010
CLIMATE RECORD PERIOD 1939 TO 2015


WEATHER ITEM   OBSERVED TIME   RECORD YEAR NORMAL DEPARTURE LAST
                VALUE   (LST)  VALUE       VALUE  FROM      YEAR
                                                  NORMAL
..................................................................
TEMPERATURE (F)
 TODAY
  MAXIMUM         42    240 PM  71    1981  44     -2       42
  MINIMUM         21    600 AM  11    1974  27     -6       24
                                      1943
  AVERAGE         32                        35     -3       33

PRECIPITATION (IN)
  TODAY            0.00          0.83 2010   0.09  -0.09     0.02
  MONTH TO DATE    0.58                      0.77  -0.19     1.09
  SINCE MAR 1      2.23                      3.28  -1.05     4.53
  SINCE JAN 1      6.33                      8.20  -1.87    10.75

SNOWFALL (IN)
  TODAY            0.0           5.0  1974   0.3   -0.3      0.0
  MONTH TO DATE    8.0                       3.3    4.7      3.5
  SINCE MAR 1     32.9                      21.6   11.3     45.6
  SINCE JUL 1    141.2                     104.1   37.1    145.0
  SNOW DEPTH      11

DEGREE DAYS
 HEATING
  TODAY           33                        30      3       32
  MONTH TO DATE  357                       286     71      278
  SINCE MAR 1   1759                      1540    219     1818
  SINCE JUL 1   8500                      8261    239     8472

 COOLING
  TODAY            0                         0      0        0
  MONTH TO DATE    0                         0      0        0
  SINCE MAR 1      0                         0      0        0
  SINCE JAN 1      0                         0      0        0
..................................................................


WIND (MPH)
  HIGHEST WIND SPEED    12   HIGHEST WIND DIRECTION     S (180)
  HIGHEST GUST SPEED    13   HIGHEST GUST DIRECTION     S (170)
  AVERAGE WIND SPEED     4.5


SKY COVER
  POSSIBLE SUNSHINE  MM
  AVERAGE SKY COVER 0.1


WEATHER CONDITIONS
 THE FOLLOWING WEATHER WAS RECORDED TODAY.
  NO SIGNIFICANT WEATHER WAS OBSERVED.


RELATIVE HUMIDITY (PERCENT)
 HIGHEST    55          1200 AM
 LOWEST     30           200 PM
 AVERAGE    43

..........................................................


THE CARIBOU ME CLIMATE NORMALS FOR TOMORROW
                         NORMAL    RECORD    YEAR
 MAXIMUM TEMPERATURE (F)   45        74      1945
 MINIMUM TEMPERATURE (F)   27         4      1977


SUNRISE AND SUNSET
APRIL  9 2015.........SUNRISE   556 AM EDT   SUNSET   712 PM EDT
APRIL 10 2015.........SUNRISE   554 AM EDT   SUNSET   713 PM EDT


-  INDICATES NEGATIVE NUMBERS.
R  INDICATES RECORD WAS SET OR TIED.
MM INDICATES DATA IS MISSING.
T  INDICATES TRACE AMOUNT.




$$
